{"id":8042,"date":"2020-06-26T11:33:42","date_gmt":"2020-06-26T09:33:42","guid":{"rendered":"http:\/\/www.sanjosecarmelitas.com\/index.php\/compra-de-libros-liburu-erosketa\/"},"modified":"2020-07-14T14:02:59","modified_gmt":"2020-07-14T12:02:59","slug":"compra-de-libros-liburu-erosketa","status":"publish","type":"page","link":"https:\/\/www.sanjosecarmelitas.com\/index.php\/compra-de-libros-liburu-erosketa\/?lang=eu","title":{"rendered":"Compra de libros &#8211; Liburu erosketa"},"content":{"rendered":"\t\t<div data-elementor-type=\"wp-page\" data-elementor-id=\"8042\" class=\"elementor elementor-8042 elementor-7962\" data-elementor-post-type=\"page\">\n\t\t\t\t\t\t<section class=\"elementor-section elementor-top-section elementor-element elementor-element-d2297c8 elementor-section-boxed elementor-section-height-default elementor-section-height-default\" data-id=\"d2297c8\" data-element_type=\"section\">\n\t\t\t\t\t\t<div class=\"elementor-container elementor-column-gap-default\">\n\t\t\t\t\t<div class=\"elementor-column elementor-col-50 elementor-top-column elementor-element elementor-element-3ddb5f1\" data-id=\"3ddb5f1\" data-element_type=\"column\">\n\t\t\t<div class=\"elementor-widget-wrap elementor-element-populated\">\n\t\t\t\t\t\t<div class=\"elementor-element elementor-element-047ab64 elementor-widget elementor-widget-text-editor\" data-id=\"047ab64\" data-element_type=\"widget\" data-widget_type=\"text-editor.default\">\n\t\t\t\t<div class=\"elementor-widget-container\">\n\t\t\t\t\t\t\t\t\t<h2 style=\"text-align: center;\">EROSKETA NOLA EGIN?<\/h2>\n\t\t\t\t\t\t\t\t<\/div>\n\t\t\t\t<\/div>\n\t\t\t\t\t<\/div>\n\t\t<\/div>\n\t\t\t\t<div class=\"elementor-column elementor-col-50 elementor-top-column elementor-element elementor-element-62e609a\" data-id=\"62e609a\" data-element_type=\"column\">\n\t\t\t<div class=\"elementor-widget-wrap elementor-element-populated\">\n\t\t\t\t\t\t<div class=\"elementor-element elementor-element-bb10d7a elementor-widget elementor-widget-text-editor\" data-id=\"bb10d7a\" data-element_type=\"widget\" data-widget_type=\"text-editor.default\">\n\t\t\t\t<div class=\"elementor-widget-container\">\n\t\t\t\t\t\t\t\t\t<h2 style=\"text-align: center;\">ORDAINTZEKO AUKERAK:BEHINGOZ, GEROTUTA EDO FINANTZIATUTA<\/h2>\n\t\t\t\t\t\t\t\t<\/div>\n\t\t\t\t<\/div>\n\t\t\t\t\t<\/div>\n\t\t<\/div>\n\t\t\t\t\t<\/div>\n\t\t<\/section>\n\t\t\t\t<section class=\"elementor-section elementor-top-section elementor-element elementor-element-c5b2c1f elementor-section-boxed elementor-section-height-default elementor-section-height-default\" data-id=\"c5b2c1f\" data-element_type=\"section\">\n\t\t\t\t\t\t<div class=\"elementor-container elementor-column-gap-default\">\n\t\t\t\t\t<div class=\"elementor-column elementor-col-50 elementor-top-column elementor-element elementor-element-b21f84e\" data-id=\"b21f84e\" data-element_type=\"column\">\n\t\t\t<div class=\"elementor-widget-wrap elementor-element-populated\">\n\t\t\t\t\t\t<div class=\"elementor-element elementor-element-6ce263b elementor-widget elementor-widget-text-editor\" data-id=\"6ce263b\" data-element_type=\"widget\" data-widget_type=\"text-editor.default\">\n\t\t\t\t<div class=\"elementor-widget-container\">\n\t\t\t\t\t\t\t\t\t<ol>\n<li>\n<p style=\"text-align: justify;\">Para la compra online de los libros de su hijo,\u00a0 \u00a0se acceder\u00e1 pinchando en un banner como este que se encuentra al final de estas instrucciones. <span style=\"font-size: 12pt;\"><em>(Acceso a la compra en esta misma p\u00e1gina,\u00a0<span style=\"font-weight: 400;\">m\u00e1s abajo, al final de las instrucciones).<\/span><\/em><\/span><\/p>\n<p style=\"text-align: justify;\"><img decoding=\"async\" class=\"wp-image-6380 aligncenter\" src=\"https:\/\/www.sanjosecarmelitas.com\/wp-content\/uploads\/2019\/06\/GIF-Base-Ice-Cream-285x300-IB-B01-285x300.gif\" alt=\"\" width=\"78\" height=\"83\" \/><\/p>\n<\/li>\n<li style=\"text-align: justify;\">Aparecer\u00e1 la pantalla de inicio donde escribir\u00e1 el c\u00f3digo de la lista que quiere comprar o buscando por etapa y curso. Ej. Primaria &#8211; 2\u00ba<\/li>\n<\/ol>\n<p style=\"padding-left: 40px; text-align: justify;\">Se puede ver o a\u00f1adir a la cesta.<\/p>\n<ol style=\"text-align: justify;\" start=\"3\">\n<li>Al a\u00f1adir a la cesta, sale desglose de los art\u00edculos e importe. Si le das al + se aumenta cantidad, o si le das al &#8211; se la quitas.<\/li>\n<\/ol>\n<p style=\"padding-left: 40px; text-align: justify;\">Puede seguir comprando en el caso de que tengan mas de un hijo en el centro y a\u00f1adir el material del otro hijo, te lleva de nuevo a la pantalla para buscar otra etapa y curso y se a\u00f1aden.<\/p>\n<ol style=\"text-align: justify;\" start=\"4\">\n<li>Cuando hemos terminado, al dar a pagar aparece la pantalla de aportar datos en la que tambi\u00e9n se indica la fecha de entrega estimada, \u00e9sta se puede modificar, no se puede adelantar pero si atrasar.<\/li>\n<\/ol>\n<p style=\"padding-left: 40px; text-align: justify;\">Es importante que los padres pongan un correo electr\u00f3nico real, ya que en \u00e9l recibir\u00e1n la factura, trazabilidad del pedido y cualquier incidencia que se produzca.<\/p>\n<ol style=\"text-align: justify;\" start=\"5\">\n<li>Finalmente aparecen los m\u00e9todos de pago: <span style=\"text-decoration: underline;\">Al Contado, Pago Aplazado y Pago Financiado\u00a0 <\/span><em>(Ver informaci\u00f3n mas abajo)<\/em><\/li>\n<\/ol>\n<p style=\"padding-left: 40px; text-align: justify;\"><em>* Hay que fijarse bien en el m\u00e9todo elegido ya que una vez realizado el pago no se puede retroceder para modificarlo<\/em>.<\/p>\n<p style=\"padding-left: 40px; text-align: justify;\">6. Por \u00faltimo, haz clic en el bot\u00f3n PAGAR para acceder a la pasarela de pago y finalizar as\u00ed la compra.<\/p>\n<p style=\"text-align: justify;\">En el caso de tener alguna duda o problema, no dude en ponerse en contacto a trav\u00e9s\u00a0del chat de la web o directamente envi\u00e1ndonos\u00a0un correo a\u00a0<a href=\"mailto:ventaonline@edelvives.es\">ventaonline@edelvives.es<\/a>\u00a0o llamada de tel\u00e9fono al 800 007 725.\u00a0<\/p>\n\t\t\t\t\t\t\t\t<\/div>\n\t\t\t\t<\/div>\n\t\t\t\t\t<\/div>\n\t\t<\/div>\n\t\t\t\t<div class=\"elementor-column elementor-col-50 elementor-top-column elementor-element elementor-element-068390e\" data-id=\"068390e\" data-element_type=\"column\">\n\t\t\t<div class=\"elementor-widget-wrap elementor-element-populated\">\n\t\t\t\t\t\t<div class=\"elementor-element elementor-element-ee0e487 elementor-widget elementor-widget-text-editor\" data-id=\"ee0e487\" data-element_type=\"widget\" data-widget_type=\"text-editor.default\">\n\t\t\t\t<div class=\"elementor-widget-container\">\n\t\t\t\t\t\t\t\t\t<p style=\"text-align: justify;\">Existen tres m\u00e9todos de pago:<\/p>\n<p style=\"text-align: justify;\"><em>* Conviene fijarse bien en el m\u00e9todo elegido ya que una vez realizado el pago no se puede retroceder para modificarlo<\/em>.<\/p>\n<p style=\"text-align: justify; padding-left: 40px;\"><u><\/u><strong>\u00a00. CONTADO:<\/strong><\/p>\n<p style=\"text-align: justify;\">Por tarjeta y todo en una sola vez.\u00a0\u00a0<\/p>\n<p style=\"text-align: justify;\">Y ofrecemos estas dos formas de <span style=\"text-decoration: underline;\">pago aplazado\u00a0y financiado,<\/span><\/p>\n<ol style=\"text-align: justify;\">\n<li><strong> PAGO APLAZADO:<\/strong><\/li>\n<\/ol>\n<p style=\"text-align: justify;\">\u00a0\u27a2\u00a050% al contado en el momento de la compra,\u00a050%, en Octubre.\u00a0\u00a0Este pago se realizar\u00e1 por tarjeta y esta deber\u00e1 tener fecha de validez posterior a la fecha del segundo cargo<\/p>\n<p style=\"text-align: justify;\">\u00a0\u27a2\u00a0se podr\u00e1n aplazar las compras\u00a0<strong>con importes a partir de 100 \u20ac.\u00a0<\/strong>\u00a0<\/p>\n<p style=\"text-align: justify;\">\u00a0\u27a2\u00a0<strong>gastos de formalizaci\u00f3n y gesti\u00f3n de 3,00 \u20ac por operaci\u00f3n.<\/strong><\/p>\n<p style=\"text-align: justify;\">\u00a0\u27a2\u00a0no haremos evaluaci\u00f3n de riesgo del comprador, por lo que cualquier familia podr\u00e1 beneficiarse de esta f\u00f3rmula\u00a0<\/p>\n<ol style=\"text-align: justify;\" start=\"2\">\n<li><strong> PAGO FINANCIADO:<\/strong>a trav\u00e9s de la entidad financiera INSTANT CREDIT (filial del Grupo Banco Sabadell).\u00a0<\/li>\n<\/ol>\n<ul style=\"text-align: justify;\">\n<li>Los compradores encontrar\u00e1n en la p\u00e1gina web (a trav\u00e9s de una API) la opci\u00f3n de financiar cualquier compra cuando sea de importe superior a 120 \u20ac, con la posibilidad de escoger entre unos plazos de 6, 9, 12, 18 o 24 meses.<\/li>\n<li>El coste de la financiaci\u00f3n oscila entre un 7,7% y un 11%, dependiendo del importe y del plazo escogido.<\/li>\n<li>Las caracter\u00edsticas m\u00e1s importantes del funcionamiento de este servicio es que se le da al cliente una respuesta en tiempo real tras la solicitud de informaci\u00f3n personal al solicitante.<\/li>\n<li>La informaci\u00f3n que se pide es:<\/li>\n<\/ul>\n<p style=\"text-align: justify; padding-left: 80px;\">\u00a0 \u00a0 \u00a0* nombre y apellidos<br \/>\u00a0 \u00a0 \u00a0* una foto del documento de DNI<br \/>\u00a0 \u00a0 \u00a0* fecha nacimiento<br \/>\u00a0 \u00a0 \u00a0* direcci\u00f3n<br \/>\u00a0 \u00a0 \u00a0* situaci\u00f3n laboral (con un desplegable, no se solicita contrato)<br \/>\u00a0 \u00a0 \u00a0* ingresos mensuales (con importe, no se solicita documento de n\u00f3mina)<br \/>\u00a0 \u00a0 \u00a0* datos de la tarjeta bancaria para el pago o banca online del usuario (las dos f\u00f3rmulas est\u00e1n disponibles, siendo m\u00e1s econ\u00f3mica la segunda).<br \/>Tras el ingreso de los datos, el cliente firma el contrato con c\u00f3digo PIN enviado a trav\u00e9s de SMS, que introduce en la pantalla.\u00a0<\/p>\n<p style=\"text-align: justify;\">Por tanto ni Edelvives ni el colegio intervienen\u00a0en estas operaciones, que se realizan directamente entre Instant Credit y el comprador.\u00a0<\/p>\n<p style=\"text-align: justify;\">Por \u00faltimo, indicar que Instant Credit cuenta con un 75% de media de aceptaci\u00f3n de operaciones, de los m\u00e1s altos del mercado.<\/p>\n\t\t\t\t\t\t\t\t<\/div>\n\t\t\t\t<\/div>\n\t\t\t\t\t<\/div>\n\t\t<\/div>\n\t\t\t\t\t<\/div>\n\t\t<\/section>\n\t\t\t\t<section class=\"elementor-section elementor-top-section elementor-element elementor-element-4c60a98 elementor-section-boxed elementor-section-height-default elementor-section-height-default\" data-id=\"4c60a98\" data-element_type=\"section\">\n\t\t\t\t\t\t<div class=\"elementor-container elementor-column-gap-default\">\n\t\t\t\t\t<div class=\"elementor-column elementor-col-100 elementor-top-column elementor-element elementor-element-d96f2fd\" data-id=\"d96f2fd\" data-element_type=\"column\">\n\t\t\t<div class=\"elementor-widget-wrap elementor-element-populated\">\n\t\t\t\t\t\t<div class=\"elementor-element elementor-element-c4d37ca elementor-widget elementor-widget-text-editor\" data-id=\"c4d37ca\" data-element_type=\"widget\" data-widget_type=\"text-editor.default\">\n\t\t\t\t<div class=\"elementor-widget-container\">\n\t\t\t\t\t\t\t\t\t<h2 style=\"text-align: center;\">AZALPEN BIDEOA<\/h2>\n<div style=\"width: 1280px;\" class=\"wp-video\"><video class=\"wp-video-shortcode\" id=\"video-8042-1\" width=\"1280\" height=\"720\" preload=\"metadata\" controls=\"controls\"><source type=\"video\/mp4\" src=\"https:\/\/www.sanjosecarmelitas.com\/wp-content\/uploads\/2020\/06\/Colegio-Icecream-comentado.mp4.mp4?_=1\" \/><a href=\"https:\/\/www.sanjosecarmelitas.com\/wp-content\/uploads\/2020\/06\/Colegio-Icecream-comentado.mp4.mp4\">https:\/\/www.sanjosecarmelitas.com\/wp-content\/uploads\/2020\/06\/Colegio-Icecream-comentado.mp4.mp4<\/a><\/video><\/div>\n\t\t\t\t\t\t\t\t<\/div>\n\t\t\t\t<\/div>\n\t\t\t\t\t<\/div>\n\t\t<\/div>\n\t\t\t\t\t<\/div>\n\t\t<\/section>\n\t\t\t\t<section class=\"elementor-section elementor-top-section elementor-element elementor-element-78d1e9c elementor-section-boxed elementor-section-height-default elementor-section-height-default\" data-id=\"78d1e9c\" data-element_type=\"section\">\n\t\t\t\t\t\t<div class=\"elementor-container elementor-column-gap-default\">\n\t\t\t\t\t<div class=\"elementor-column elementor-col-100 elementor-top-column elementor-element elementor-element-a03f6b7\" data-id=\"a03f6b7\" data-element_type=\"column\">\n\t\t\t<div class=\"elementor-widget-wrap elementor-element-populated\">\n\t\t\t\t\t\t<div class=\"elementor-element elementor-element-519fdb1 elementor-widget elementor-widget-text-editor\" data-id=\"519fdb1\" data-element_type=\"widget\" data-widget_type=\"text-editor.default\">\n\t\t\t\t<div class=\"elementor-widget-container\">\n\t\t\t\t\t\t\t\t\t<h2 style=\"text-align: center;\"><a href=\"https:\/\/sanjosecarmelitas.ventalibros.es\/es\/centro\">EROSKETA EGIN<\/a><\/h2>\n\t\t\t\t\t\t\t\t<\/div>\n\t\t\t\t<\/div>\n\t\t\t\t\t<\/div>\n\t\t<\/div>\n\t\t\t\t\t<\/div>\n\t\t<\/section>\n\t\t\t\t<section class=\"elementor-section elementor-top-section elementor-element elementor-element-369ec14 elementor-section-boxed elementor-section-height-default elementor-section-height-default\" data-id=\"369ec14\" data-element_type=\"section\">\n\t\t\t\t\t\t<div class=\"elementor-container elementor-column-gap-default\">\n\t\t\t\t\t<div class=\"elementor-column elementor-col-100 elementor-top-column elementor-element elementor-element-952fa04\" data-id=\"952fa04\" data-element_type=\"column\">\n\t\t\t<div class=\"elementor-widget-wrap elementor-element-populated\">\n\t\t\t\t\t\t<div class=\"elementor-element elementor-element-d5551ee elementor-widget elementor-widget-text-editor\" data-id=\"d5551ee\" data-element_type=\"widget\" data-widget_type=\"text-editor.default\">\n\t\t\t\t<div class=\"elementor-widget-container\">\n\t\t\t\t\t\t\t\t\t<p style=\"text-align: center;\">\u00a0 \u00a0 \u00a0 \u00a0Se puede acceder a la compra de libros online por medio del siguiente enlace:<\/p>\n<p><a href=\"https:\/\/sanjosecarmelitas.ventalibros.es\/es\/centro\"><img decoding=\"async\" class=\"wp-image-6380 aligncenter\" src=\"https:\/\/www.sanjosecarmelitas.com\/wp-content\/uploads\/2019\/06\/GIF-Base-Ice-Cream-285x300-IB-B01-285x300.gif\" alt=\"\" width=\"165\" height=\"174\" \/><\/a><\/p>\n<p style=\"text-align: center;\">o tambi\u00e9n directamente pinchando en este link\u00a0<\/p>\n<p style=\"text-align: center;\"><a href=\"https:\/\/sanjosecarmelitas.ventalibros.es\/es\/centro\" data-saferedirecturl=\"https:\/\/www.google.com\/url?q=https:\/\/sanjosecarmelitas.ventalibros.es\/es\/centro&amp;source=gmail&amp;ust=1593242905321000&amp;usg=AFQjCNEB6sPoKzQjddZkx_XLt3zGVB5szQ\">https:\/\/sanjosecarmelitas.ventalibros.es\/es\/centro<\/a><\/p>\n\t\t\t\t\t\t\t\t<\/div>\n\t\t\t\t<\/div>\n\t\t\t\t\t<\/div>\n\t\t<\/div>\n\t\t\t\t\t<\/div>\n\t\t<\/section>\n\t\t\t\t<\/div>\n\t\t","protected":false},"excerpt":{"rendered":"<p>EROSKETA NOLA EGIN? ORDAINTZEKO AUKERAK:BEHINGOZ, GEROTUTA EDO FINANTZIATUTA Para la compra online de los libros de su hijo,\u00a0 \u00a0se acceder\u00e1 pinchando en un banner como este que se encuentra al final de estas instrucciones. (Acceso a la compra en esta misma p\u00e1gina,\u00a0m\u00e1s abajo, al final de las instrucciones). Aparecer\u00e1 la pantalla de inicio donde escribir\u00e1 [&hellip;]<\/p>\n","protected":false},"author":2,"featured_media":0,"parent":0,"menu_order":0,"comment_status":"closed","ping_status":"closed","template":"","meta":{"site-sidebar-layout":"no-sidebar","site-content-layout":"page-builder","ast-site-content-layout":"default","site-content-style":"default","site-sidebar-style":"default","ast-global-header-display":"","ast-banner-title-visibility":"","ast-main-header-display":"","ast-hfb-above-header-display":"","ast-hfb-below-header-display":"","ast-hfb-mobile-header-display":"","site-post-title":"","ast-breadcrumbs-content":"","ast-featured-img":"disabled","footer-sml-layout":"","ast-disable-related-posts":"","theme-transparent-header-meta":"default","adv-header-id-meta":"","stick-header-meta":"","header-above-stick-meta":"","header-main-stick-meta":"","header-below-stick-meta":"","astra-migrate-meta-layouts":"default","ast-page-background-enabled":"default","ast-page-background-meta":{"desktop":{"background-color":"var(--ast-global-color-4)","background-image":"","background-repeat":"repeat","background-position":"center center","background-size":"auto","background-attachment":"scroll","background-type":"","background-media":"","overlay-type":"","overlay-color":"","overlay-opacity":"","overlay-gradient":""},"tablet":{"background-color":"","background-image":"","background-repeat":"repeat","background-position":"center center","background-size":"auto","background-attachment":"scroll","background-type":"","background-media":"","overlay-type":"","overlay-color":"","overlay-opacity":"","overlay-gradient":""},"mobile":{"background-color":"","background-image":"","background-repeat":"repeat","background-position":"center center","background-size":"auto","background-attachment":"scroll","background-type":"","background-media":"","overlay-type":"","overlay-color":"","overlay-opacity":"","overlay-gradient":""}},"ast-content-background-meta":{"desktop":{"background-color":"var(--ast-global-color-5)","background-image":"","background-repeat":"repeat","background-position":"center center","background-size":"auto","background-attachment":"scroll","background-type":"","background-media":"","overlay-type":"","overlay-color":"","overlay-opacity":"","overlay-gradient":""},"tablet":{"background-color":"var(--ast-global-color-5)","background-image":"","background-repeat":"repeat","background-position":"center center","background-size":"auto","background-attachment":"scroll","background-type":"","background-media":"","overlay-type":"","overlay-color":"","overlay-opacity":"","overlay-gradient":""},"mobile":{"background-color":"var(--ast-global-color-5)","background-image":"","background-repeat":"repeat","background-position":"center center","background-size":"auto","background-attachment":"scroll","background-type":"","background-media":"","overlay-type":"","overlay-color":"","overlay-opacity":"","overlay-gradient":""}},"footnotes":""},"class_list":["post-8042","page","type-page","status-publish","hentry"],"_links":{"self":[{"href":"https:\/\/www.sanjosecarmelitas.com\/index.php\/wp-json\/wp\/v2\/pages\/8042","targetHints":{"allow":["GET"]}}],"collection":[{"href":"https:\/\/www.sanjosecarmelitas.com\/index.php\/wp-json\/wp\/v2\/pages"}],"about":[{"href":"https:\/\/www.sanjosecarmelitas.com\/index.php\/wp-json\/wp\/v2\/types\/page"}],"author":[{"embeddable":true,"href":"https:\/\/www.sanjosecarmelitas.com\/index.php\/wp-json\/wp\/v2\/users\/2"}],"replies":[{"embeddable":true,"href":"https:\/\/www.sanjosecarmelitas.com\/index.php\/wp-json\/wp\/v2\/comments?post=8042"}],"version-history":[{"count":3,"href":"https:\/\/www.sanjosecarmelitas.com\/index.php\/wp-json\/wp\/v2\/pages\/8042\/revisions"}],"predecessor-version":[{"id":8045,"href":"https:\/\/www.sanjosecarmelitas.com\/index.php\/wp-json\/wp\/v2\/pages\/8042\/revisions\/8045"}],"wp:attachment":[{"href":"https:\/\/www.sanjosecarmelitas.com\/index.php\/wp-json\/wp\/v2\/media?parent=8042"}],"curies":[{"name":"wp","href":"https:\/\/api.w.org\/{rel}","templated":true}]}}