{"id":7240,"date":"2020-06-03T12:47:01","date_gmt":"2020-06-03T10:47:01","guid":{"rendered":"http:\/\/www.sanjosecarmelitas.com\/?page_id=7240"},"modified":"2026-01-12T10:08:21","modified_gmt":"2026-01-12T09:08:21","slug":"consentimiento-y-proteccion-de-datos","status":"publish","type":"page","link":"https:\/\/www.sanjosecarmelitas.com\/index.php\/consentimiento-y-proteccion-de-datos\/","title":{"rendered":"consentimiento y protecci\u00f3n de datos"},"content":{"rendered":"\t\t<div data-elementor-type=\"wp-page\" data-elementor-id=\"7240\" class=\"elementor elementor-7240\" data-elementor-post-type=\"page\">\n\t\t\t\t\t\t<section class=\"elementor-section elementor-top-section elementor-element elementor-element-d37e242 elementor-section-boxed elementor-section-height-default elementor-section-height-default\" data-id=\"d37e242\" data-element_type=\"section\">\n\t\t\t\t\t\t<div class=\"elementor-container elementor-column-gap-default\">\n\t\t\t\t\t<div class=\"elementor-column elementor-col-100 elementor-top-column elementor-element elementor-element-3b1115f\" data-id=\"3b1115f\" data-element_type=\"column\">\n\t\t\t<div class=\"elementor-widget-wrap elementor-element-populated\">\n\t\t\t\t\t\t<div class=\"elementor-element elementor-element-c940a44 elementor-widget elementor-widget-text-editor\" data-id=\"c940a44\" data-element_type=\"widget\" data-widget_type=\"text-editor.default\">\n\t\t\t\t<div class=\"elementor-widget-container\">\n\t\t\t\t\t\t\t\t\t<h1><span style=\"color: #e0921d;\">PROTECCI\u00d3N DE DATOS<\/span><\/h1>\t\t\t\t\t\t\t\t<\/div>\n\t\t\t\t<\/div>\n\t\t\t\t\t<\/div>\n\t\t<\/div>\n\t\t\t\t\t<\/div>\n\t\t<\/section>\n\t\t\t\t<section class=\"elementor-section elementor-top-section elementor-element elementor-element-5d6cf4b elementor-section-boxed elementor-section-height-default elementor-section-height-default\" data-id=\"5d6cf4b\" data-element_type=\"section\">\n\t\t\t\t\t\t<div class=\"elementor-container elementor-column-gap-default\">\n\t\t\t\t\t<div class=\"elementor-column elementor-col-100 elementor-top-column elementor-element elementor-element-7806bfc\" data-id=\"7806bfc\" data-element_type=\"column\">\n\t\t\t<div class=\"elementor-widget-wrap elementor-element-populated\">\n\t\t\t\t\t\t<div class=\"elementor-element elementor-element-078dae4 elementor-widget elementor-widget-text-editor\" data-id=\"078dae4\" data-element_type=\"widget\" data-widget_type=\"text-editor.default\">\n\t\t\t\t<div class=\"elementor-widget-container\">\n\t\t\t\t\t\t\t\t\t<h2><strong>CONSENTIMIENTO TRATAMIENTO DE LOS DATOS<\/strong><\/h2>\t\t\t\t\t\t\t\t<\/div>\n\t\t\t\t<\/div>\n\t\t\t\t\t<\/div>\n\t\t<\/div>\n\t\t\t\t\t<\/div>\n\t\t<\/section>\n\t\t\t\t<section class=\"elementor-section elementor-top-section elementor-element elementor-element-4572156 elementor-section-boxed elementor-section-height-default elementor-section-height-default\" data-id=\"4572156\" data-element_type=\"section\">\n\t\t\t\t\t\t<div class=\"elementor-container elementor-column-gap-default\">\n\t\t\t\t\t<div class=\"elementor-column elementor-col-100 elementor-top-column elementor-element elementor-element-fa2c80e\" data-id=\"fa2c80e\" data-element_type=\"column\">\n\t\t\t<div class=\"elementor-widget-wrap elementor-element-populated\">\n\t\t\t\t\t\t<div class=\"elementor-element elementor-element-cfd434e elementor-widget elementor-widget-text-editor\" data-id=\"cfd434e\" data-element_type=\"widget\" data-widget_type=\"text-editor.default\">\n\t\t\t\t<div class=\"elementor-widget-container\">\n\t\t\t\t\t\t\t\t\t<p><i>Acusamos recibo de tu correo en el que nos remit\u00edas tu curr\u00edculum vitae. Agradecemos la confianza depositada en nosotros. De acuerdo con lo establecido en la normativa de protecci\u00f3n de datos personales, te informamos del tratamiento de tus datos. Asimismo, en el caso de producirse alguna modificaci\u00f3n en tus datos, rogamos nos la comuniques por escrito.<\/i><\/p><p><i>\u00a0<\/i><\/p><p><i>\u2022\u00a0\u00a0\u00a0\u00a0\u00a0\u00a0\u00a0\u00a0\u00a0<b>Responsable del tratamiento:<\/b>\u00a0Fundaci\u00f3n Educativa Teresa Guasch.<\/i><\/p><p><i>\u2022\u00a0\u00a0\u00a0\u00a0\u00a0\u00a0\u00a0\u00a0\u00a0<b>Finalidad:<\/b> procesos de selecci\u00f3n y en su caso, contrataci\u00f3n<\/i><\/p><p><i>\u2022\u00a0\u00a0\u00a0\u00a0\u00a0\u00a0\u00a0\u00a0\u00a0<b>Destinatarios de la informaci\u00f3n:<\/b>\u00a0colegios de la Fundaci\u00f3n Educativa Teresa Guasch donde tu candidatura sea tu inter\u00e9s, contratistas cuando tu curr\u00edculum vitae sea preciso para un proyecto espec\u00edfico, y autoridades p\u00fablicas con competencias en materia laboral. No est\u00e1 prevista la transferencia internacional de los datos salvo para fines de almacenamiento y con garant\u00edas adecuadas.<\/i><\/p><p><i>\u2022\u00a0\u00a0\u00a0\u00a0\u00a0\u00a0\u00a0\u00a0\u00a0<b>Legitimaci\u00f3n:<\/b>\u00a0tus datos se tratan en base a nuestro leg\u00edtimo inter\u00e9s para incluirte en futuros procesos de selecci\u00f3n, as\u00ed como para la aplicaci\u00f3n de medidas contractuales o precontractuales, y cumplimiento de nuestras obligaciones legales.<\/i><\/p><p><i>\u2022\u00a0\u00a0\u00a0\u00a0\u00a0\u00a0\u00a0\u00a0\u00a0<b>Plazo:<\/b>\u00a0los datos se mantendr\u00e1n por un plazo de dos a\u00f1os, as\u00ed como en tu expediente laboral si finalmente pasas a trabajar con nosotros.<\/i><\/p><p><i>\u2022\u00a0\u00a0\u00a0\u00a0\u00a0\u00a0\u00a0\u00a0\u00a0<b>Derechos:<\/b>\u00a0puedes ejercer los derechos de acceso, rectificaci\u00f3n, supresi\u00f3n, portabilidad de datos, limitaci\u00f3n, oposici\u00f3n y revocaci\u00f3n, enviando un escrito al responsable del tratamiento. Tambi\u00e9n tienes derecho a realizar una reclamaci\u00f3n ante las autoridades de control protecci\u00f3n de datos. Para cualquier cuesti\u00f3n sobre la legislaci\u00f3n de protecci\u00f3n de datos, no dudes en contactarnos en\u00a0<span lang=\"CA\"><a href=\"mailto:dpd@fetg.org\" target=\"_blank\" rel=\"noopener\">dpd@fetg.org<\/a><\/span><\/i><\/p>\t\t\t\t\t\t\t\t<\/div>\n\t\t\t\t<\/div>\n\t\t\t\t\t<\/div>\n\t\t<\/div>\n\t\t\t\t\t<\/div>\n\t\t<\/section>\n\t\t\t\t<\/div>\n\t\t","protected":false},"excerpt":{"rendered":"<p>PROTECCI\u00d3N DE DATOS CONSENTIMIENTO TRATAMIENTO DE LOS DATOS Acusamos recibo de tu correo en el que nos remit\u00edas tu curr\u00edculum vitae. Agradecemos la confianza depositada en nosotros. De acuerdo con lo establecido en la normativa de protecci\u00f3n de datos personales, te informamos del tratamiento de tus datos. Asimismo, en el caso de producirse alguna modificaci\u00f3n [&hellip;]<\/p>\n","protected":false},"author":2,"featured_media":0,"parent":0,"menu_order":0,"comment_status":"closed","ping_status":"closed","template":"","meta":{"site-sidebar-layout":"no-sidebar","site-content-layout":"page-builder","ast-site-content-layout":"default","site-content-style":"default","site-sidebar-style":"default","ast-global-header-display":"","ast-banner-title-visibility":"","ast-main-header-display":"","ast-hfb-above-header-display":"","ast-hfb-below-header-display":"","ast-hfb-mobile-header-display":"","site-post-title":"disabled","ast-breadcrumbs-content":"","ast-featured-img":"disabled","footer-sml-layout":"","ast-disable-related-posts":"","theme-transparent-header-meta":"default","adv-header-id-meta":"","stick-header-meta":"","header-above-stick-meta":"","header-main-stick-meta":"","header-below-stick-meta":"","astra-migrate-meta-layouts":"default","ast-page-background-enabled":"default","ast-page-background-meta":{"desktop":{"background-color":"var(--ast-global-color-4)","background-image":"","background-repeat":"repeat","background-position":"center center","background-size":"auto","background-attachment":"scroll","background-type":"","background-media":"","overlay-type":"","overlay-color":"","overlay-opacity":"","overlay-gradient":""},"tablet":{"background-color":"","background-image":"","background-repeat":"repeat","background-position":"center center","background-size":"auto","background-attachment":"scroll","background-type":"","background-media":"","overlay-type":"","overlay-color":"","overlay-opacity":"","overlay-gradient":""},"mobile":{"background-color":"","background-image":"","background-repeat":"repeat","background-position":"center center","background-size":"auto","background-attachment":"scroll","background-type":"","background-media":"","overlay-type":"","overlay-color":"","overlay-opacity":"","overlay-gradient":""}},"ast-content-background-meta":{"desktop":{"background-color":"var(--ast-global-color-5)","background-image":"","background-repeat":"repeat","background-position":"center center","background-size":"auto","background-attachment":"scroll","background-type":"","background-media":"","overlay-type":"","overlay-color":"","overlay-opacity":"","overlay-gradient":""},"tablet":{"background-color":"var(--ast-global-color-5)","background-image":"","background-repeat":"repeat","background-position":"center center","background-size":"auto","background-attachment":"scroll","background-type":"","background-media":"","overlay-type":"","overlay-color":"","overlay-opacity":"","overlay-gradient":""},"mobile":{"background-color":"var(--ast-global-color-5)","background-image":"","background-repeat":"repeat","background-position":"center center","background-size":"auto","background-attachment":"scroll","background-type":"","background-media":"","overlay-type":"","overlay-color":"","overlay-opacity":"","overlay-gradient":""}},"footnotes":""},"class_list":["post-7240","page","type-page","status-publish","hentry"],"_links":{"self":[{"href":"https:\/\/www.sanjosecarmelitas.com\/index.php\/wp-json\/wp\/v2\/pages\/7240","targetHints":{"allow":["GET"]}}],"collection":[{"href":"https:\/\/www.sanjosecarmelitas.com\/index.php\/wp-json\/wp\/v2\/pages"}],"about":[{"href":"https:\/\/www.sanjosecarmelitas.com\/index.php\/wp-json\/wp\/v2\/types\/page"}],"author":[{"embeddable":true,"href":"https:\/\/www.sanjosecarmelitas.com\/index.php\/wp-json\/wp\/v2\/users\/2"}],"replies":[{"embeddable":true,"href":"https:\/\/www.sanjosecarmelitas.com\/index.php\/wp-json\/wp\/v2\/comments?post=7240"}],"version-history":[{"count":8,"href":"https:\/\/www.sanjosecarmelitas.com\/index.php\/wp-json\/wp\/v2\/pages\/7240\/revisions"}],"predecessor-version":[{"id":10091,"href":"https:\/\/www.sanjosecarmelitas.com\/index.php\/wp-json\/wp\/v2\/pages\/7240\/revisions\/10091"}],"wp:attachment":[{"href":"https:\/\/www.sanjosecarmelitas.com\/index.php\/wp-json\/wp\/v2\/media?parent=7240"}],"curies":[{"name":"wp","href":"https:\/\/api.w.org\/{rel}","templated":true}]}}

consentimiento y protección de datos

<div data-elementor-type="wp-page" data-elementor-id="7240" class="elementor elementor-7240" data-elementor-post-type="page">
						<section class="elementor-section elementor-top-section elementor-element elementor-element-d37e242 elementor-section-boxed elementor-section-height-default elementor-section-height-default" data-id="d37e242" data-element_type="section">
						<div class="elementor-container elementor-column-gap-default">
					<div class="elementor-column elementor-col-100 elementor-top-column elementor-element elementor-element-3b1115f" data-id="3b1115f" data-element_type="column">
			<div class="elementor-widget-wrap elementor-element-populated">
						<div class="elementor-element elementor-element-c940a44 elementor-widget elementor-widget-text-editor" data-id="c940a44" data-element_type="widget" data-widget_type="text-editor.default">
				<div class="elementor-widget-container">
									<h1><span style="color: #e0921d;">PROTECCIÓN DE DATOS</span></h1>								</div>
				</div>
					</div>
		</div>
					</div>
		</section>
				<section class="elementor-section elementor-top-section elementor-element elementor-element-5d6cf4b elementor-section-boxed elementor-section-height-default elementor-section-height-default" data-id="5d6cf4b" data-element_type="section">
						<div class="elementor-container elementor-column-gap-default">
					<div class="elementor-column elementor-col-100 elementor-top-column elementor-element elementor-element-7806bfc" data-id="7806bfc" data-element_type="column">
			<div class="elementor-widget-wrap elementor-element-populated">
						<div class="elementor-element elementor-element-078dae4 elementor-widget elementor-widget-text-editor" data-id="078dae4" data-element_type="widget" data-widget_type="text-editor.default">
				<div class="elementor-widget-container">
									<h2><strong>CONSENTIMIENTO TRATAMIENTO DE LOS DATOS</strong></h2>								</div>
				</div>
					</div>
		</div>
					</div>
		</section>
				<section class="elementor-section elementor-top-section elementor-element elementor-element-4572156 elementor-section-boxed elementor-section-height-default elementor-section-height-default" data-id="4572156" data-element_type="section">
						<div class="elementor-container elementor-column-gap-default">
					<div class="elementor-column elementor-col-100 elementor-top-column elementor-element elementor-element-fa2c80e" data-id="fa2c80e" data-element_type="column">
			<div class="elementor-widget-wrap elementor-element-populated">
						<div class="elementor-element elementor-element-cfd434e elementor-widget elementor-widget-text-editor" data-id="cfd434e" data-element_type="widget" data-widget_type="text-editor.default">
				<div class="elementor-widget-container">
									<p><i>Acusamos recibo de tu correo en el que nos remitías tu currículum vitae. Agradecemos la confianza depositada en nosotros. De acuerdo con lo establecido en la normativa de protección de datos personales, te informamos del tratamiento de tus datos. Asimismo, en el caso de producirse alguna modificación en tus datos, rogamos nos la comuniques por escrito.</i></p><p><i> </i></p><p><i>•         <b>Responsable del tratamiento:</b> Fundación Educativa Teresa Guasch.</i></p><p><i>•         <b>Finalidad:</b> procesos de selección y en su caso, contratación</i></p><p><i>•         <b>Destinatarios de la información:</b> colegios de la Fundación Educativa Teresa Guasch donde tu candidatura sea tu interés, contratistas cuando tu currículum vitae sea preciso para un proyecto específico, y autoridades públicas con competencias en materia laboral. No está prevista la transferencia internacional de los datos salvo para fines de almacenamiento y con garantías adecuadas.</i></p><p><i>•         <b>Legitimación:</b> tus datos se tratan en base a nuestro legítimo interés para incluirte en futuros procesos de selección, así como para la aplicación de medidas contractuales o precontractuales, y cumplimiento de nuestras obligaciones legales.</i></p><p><i>•         <b>Plazo:</b> los datos se mantendrán por un plazo de dos años, así como en tu expediente laboral si finalmente pasas a trabajar con nosotros.</i></p><p><i>•         <b>Derechos:</b> puedes ejercer los derechos de acceso, rectificación, supresión, portabilidad de datos, limitación, oposición y revocación, enviando un escrito al responsable del tratamiento. También tienes derecho a realizar una reclamación ante las autoridades de control protección de datos. Para cualquier cuestión sobre la legislación de protección de datos, no dudes en contactarnos en <span lang="CA"><a href="mailto:dpd@fetg.org" target="_blank" rel="noopener">dpd@fetg.org</a></span></i></p>								</div>
				</div>
					</div>
		</div>
					</div>
		</section>
				</div>

<p>PROTECCIÓN DE DATOS CONSENTIMIENTO TRATAMIENTO DE LOS DATOS Acusamos recibo de tu correo en el que nos remitías tu currículum vitae. Agradecemos la confianza depositada en nosotros. De acuerdo con lo establecido en la normativa de protección de datos personales, te informamos del tratamiento de tus datos. Asimismo, en el caso de producirse alguna modificación [&hellip;]</p>
