{"id":6292,"date":"2019-05-29T12:03:48","date_gmt":"2019-05-29T10:03:48","guid":{"rendered":"http:\/\/www.sanjosecarmelitas.com\/?page_id=6292"},"modified":"2019-05-29T12:11:10","modified_gmt":"2019-05-29T10:11:10","slug":"noticias-del-centro","status":"publish","type":"page","link":"https:\/\/www.sanjosecarmelitas.com\/index.php\/noticias-del-centro\/","title":{"rendered":"Noticias del centro"},"content":{"rendered":"\t\t<div data-elementor-type=\"wp-post\" data-elementor-id=\"6292\" class=\"elementor elementor-6292\" data-elementor-post-type=\"page\">\n\t\t\t\t\t\t<section class=\"elementor-section elementor-top-section elementor-element elementor-element-fa5ce2a elementor-section-boxed elementor-section-height-default elementor-section-height-default\" data-id=\"fa5ce2a\" data-element_type=\"section\">\n\t\t\t\t\t\t<div class=\"elementor-container elementor-column-gap-default\">\n\t\t\t\t\t<div class=\"elementor-column elementor-col-100 elementor-top-column elementor-element elementor-element-ee86c01\" data-id=\"ee86c01\" data-element_type=\"column\">\n\t\t\t<div class=\"elementor-widget-wrap elementor-element-populated\">\n\t\t\t\t\t\t<div class=\"elementor-element elementor-element-32b4664 elementor-grid-4 elementor-grid-tablet-2 elementor-grid-mobile-1 elementor-posts--thumbnail-top elementor-widget elementor-widget-posts\" data-id=\"32b4664\" data-element_type=\"widget\" data-settings=\"{&quot;classic_columns&quot;:&quot;4&quot;,&quot;pagination_type&quot;:&quot;numbers_and_prev_next&quot;,&quot;classic_columns_tablet&quot;:&quot;2&quot;,&quot;classic_columns_mobile&quot;:&quot;1&quot;,&quot;classic_row_gap&quot;:{&quot;unit&quot;:&quot;px&quot;,&quot;size&quot;:35,&quot;sizes&quot;:[]},&quot;classic_row_gap_tablet&quot;:{&quot;unit&quot;:&quot;px&quot;,&quot;size&quot;:&quot;&quot;,&quot;sizes&quot;:[]},&quot;classic_row_gap_mobile&quot;:{&quot;unit&quot;:&quot;px&quot;,&quot;size&quot;:&quot;&quot;,&quot;sizes&quot;:[]}}\" data-widget_type=\"posts.classic\">\n\t\t\t\t<div class=\"elementor-widget-container\">\n\t\t\t\t\t\t\t<div class=\"elementor-posts-container elementor-posts elementor-posts--skin-classic elementor-grid\" role=\"list\">\n\t\t\t\t<article class=\"elementor-post elementor-grid-item post-10022 post type-post status-publish format-standard has-post-thumbnail hentry category-sin-categorizar\" role=\"listitem\">\n\t\t\t\t<a class=\"elementor-post__thumbnail__link\" href=\"https:\/\/www.sanjosecarmelitas.com\/index.php\/becas-2025-2026-bekak\/\" tabindex=\"-1\" >\n\t\t\t<div class=\"elementor-post__thumbnail\"><img fetchpriority=\"high\" decoding=\"async\" width=\"300\" height=\"300\" src=\"https:\/\/www.sanjosecarmelitas.com\/wp-content\/uploads\/2025\/09\/becas-25-26-300x300.png\" class=\"attachment-medium size-medium wp-image-10023\" alt=\"\" srcset=\"https:\/\/www.sanjosecarmelitas.com\/wp-content\/uploads\/2025\/09\/becas-25-26-300x300.png 300w, https:\/\/www.sanjosecarmelitas.com\/wp-content\/uploads\/2025\/09\/becas-25-26-1024x1024.png 1024w, https:\/\/www.sanjosecarmelitas.com\/wp-content\/uploads\/2025\/09\/becas-25-26-150x150.png 150w, https:\/\/www.sanjosecarmelitas.com\/wp-content\/uploads\/2025\/09\/becas-25-26-768x768.png 768w, https:\/\/www.sanjosecarmelitas.com\/wp-content\/uploads\/2025\/09\/becas-25-26.png 1080w\" sizes=\"(max-width: 300px) 100vw, 300px\" \/><\/div>\n\t\t<\/a>\n\t\t\t\t<div class=\"elementor-post__text\">\n\t\t\t\t<h3 class=\"elementor-post__title\">\n\t\t\t<a href=\"https:\/\/www.sanjosecarmelitas.com\/index.php\/becas-2025-2026-bekak\/\" >\n\t\t\t\tBECAS 2025-2026 BEKAK\t\t\t<\/a>\n\t\t<\/h3>\n\t\t\t\t<div class=\"elementor-post__meta-data\">\n\t\t\t\t\t<span class=\"elementor-post-date\">\n\t\t\t2 septiembre, 2025\t\t<\/span>\n\t\t\t\t<\/div>\n\t\t\t\t<div class=\"elementor-post__excerpt\">\n\t\t\t<p>Ya est\u00e1n publicadas las instrucciones para solicitar las Becas al estudio del Gobierno Vasco para el curso 2025-2026. Estas ayudas est\u00e1n dise\u00f1adas para apoyar a<\/p>\n\t\t<\/div>\n\t\t\n\t\t<a class=\"elementor-post__read-more\" href=\"https:\/\/www.sanjosecarmelitas.com\/index.php\/becas-2025-2026-bekak\/\" aria-label=\"M\u00e1s informaci\u00f3n sobre BECAS 2025-2026 BEKAK\" tabindex=\"-1\" >\n\t\t\tLeer m\u00e1s \u00bb\t\t<\/a>\n\n\t\t\t\t<\/div>\n\t\t\t\t<\/article>\n\t\t\t\t<article class=\"elementor-post elementor-grid-item post-10019 post type-post status-publish format-standard has-post-thumbnail hentry category-uncategorized-eu-2 tag-harrera-zerbitzua-2 tag-san-jose-carmelitas\" role=\"listitem\">\n\t\t\t\t<a class=\"elementor-post__thumbnail__link\" href=\"https:\/\/www.sanjosecarmelitas.com\/index.php\/harrera-zerbitzua-servicio-de-acogida\/\" tabindex=\"-1\" >\n\t\t\t<div class=\"elementor-post__thumbnail\"><img decoding=\"async\" width=\"300\" height=\"300\" src=\"https:\/\/www.sanjosecarmelitas.com\/wp-content\/uploads\/2025\/06\/Posts-para-Redes-sociales-y-WEb-6-300x300.jpg\" class=\"attachment-medium size-medium wp-image-10017\" alt=\"\" srcset=\"https:\/\/www.sanjosecarmelitas.com\/wp-content\/uploads\/2025\/06\/Posts-para-Redes-sociales-y-WEb-6-300x300.jpg 300w, https:\/\/www.sanjosecarmelitas.com\/wp-content\/uploads\/2025\/06\/Posts-para-Redes-sociales-y-WEb-6-1024x1024.jpg 1024w, https:\/\/www.sanjosecarmelitas.com\/wp-content\/uploads\/2025\/06\/Posts-para-Redes-sociales-y-WEb-6-150x150.jpg 150w, https:\/\/www.sanjosecarmelitas.com\/wp-content\/uploads\/2025\/06\/Posts-para-Redes-sociales-y-WEb-6-768x768.jpg 768w, https:\/\/www.sanjosecarmelitas.com\/wp-content\/uploads\/2025\/06\/Posts-para-Redes-sociales-y-WEb-6.jpg 1080w\" sizes=\"(max-width: 300px) 100vw, 300px\" \/><\/div>\n\t\t<\/a>\n\t\t\t\t<div class=\"elementor-post__text\">\n\t\t\t\t<h3 class=\"elementor-post__title\">\n\t\t\t<a href=\"https:\/\/www.sanjosecarmelitas.com\/index.php\/harrera-zerbitzua-servicio-de-acogida\/\" >\n\t\t\t\tHarrera zerbitzua &#8211; Servicio de Acogida\t\t\t<\/a>\n\t\t<\/h3>\n\t\t\t\t<div class=\"elementor-post__meta-data\">\n\t\t\t\t\t<span class=\"elementor-post-date\">\n\t\t\t23 junio, 2025\t\t<\/span>\n\t\t\t\t<\/div>\n\t\t\t\t<div class=\"elementor-post__excerpt\">\n\t\t\t<p>Goiztiarrei harrera egiteko ordutegi berria! Behar duten Haur eta Lehen Hezkuntzako ikasleek harrera zerbitzua izango dute goizeko 7: 30etatik klasera sartzeko ordura arte.<\/p>\n\t\t<\/div>\n\t\t\n\t\t<a class=\"elementor-post__read-more\" href=\"https:\/\/www.sanjosecarmelitas.com\/index.php\/harrera-zerbitzua-servicio-de-acogida\/\" aria-label=\"M\u00e1s informaci\u00f3n sobre Harrera zerbitzua &#8211; Servicio de Acogida\" tabindex=\"-1\" >\n\t\t\tLeer m\u00e1s \u00bb\t\t<\/a>\n\n\t\t\t\t<\/div>\n\t\t\t\t<\/article>\n\t\t\t\t<article class=\"elementor-post elementor-grid-item post-9998 post type-post status-publish format-standard has-post-thumbnail hentry category-noticias tag-bachillerato tag-san-jose-carmelitas tag-santurtzi\" role=\"listitem\">\n\t\t\t\t<a class=\"elementor-post__thumbnail__link\" href=\"https:\/\/www.sanjosecarmelitas.com\/index.php\/conoce-el-bachillerato-dual-ezagutu-gure-nazioarteko-batxilergoa\/\" tabindex=\"-1\" >\n\t\t\t<div class=\"elementor-post__thumbnail\"><img decoding=\"async\" width=\"300\" height=\"300\" src=\"https:\/\/www.sanjosecarmelitas.com\/wp-content\/uploads\/2025\/05\/Posts-para-Redes-sociales-y-WEb-5-300x300.jpg\" class=\"attachment-medium size-medium wp-image-9999\" alt=\"\" srcset=\"https:\/\/www.sanjosecarmelitas.com\/wp-content\/uploads\/2025\/05\/Posts-para-Redes-sociales-y-WEb-5-300x300.jpg 300w, https:\/\/www.sanjosecarmelitas.com\/wp-content\/uploads\/2025\/05\/Posts-para-Redes-sociales-y-WEb-5-1024x1024.jpg 1024w, https:\/\/www.sanjosecarmelitas.com\/wp-content\/uploads\/2025\/05\/Posts-para-Redes-sociales-y-WEb-5-150x150.jpg 150w, https:\/\/www.sanjosecarmelitas.com\/wp-content\/uploads\/2025\/05\/Posts-para-Redes-sociales-y-WEb-5-768x768.jpg 768w, https:\/\/www.sanjosecarmelitas.com\/wp-content\/uploads\/2025\/05\/Posts-para-Redes-sociales-y-WEb-5.jpg 1080w\" sizes=\"(max-width: 300px) 100vw, 300px\" \/><\/div>\n\t\t<\/a>\n\t\t\t\t<div class=\"elementor-post__text\">\n\t\t\t\t<h3 class=\"elementor-post__title\">\n\t\t\t<a href=\"https:\/\/www.sanjosecarmelitas.com\/index.php\/conoce-el-bachillerato-dual-ezagutu-gure-nazioarteko-batxilergoa\/\" >\n\t\t\t\tConoce el Bachillerato Dual &#8211; Ezagutu gure Nazioarteko Batxilergoa\t\t\t<\/a>\n\t\t<\/h3>\n\t\t\t\t<div class=\"elementor-post__meta-data\">\n\t\t\t\t\t<span class=\"elementor-post-date\">\n\t\t\t6 mayo, 2025\t\t<\/span>\n\t\t\t\t<\/div>\n\t\t\t\t<div class=\"elementor-post__excerpt\">\n\t\t\t<p>Un a\u00f1o m\u00e1s, de la mano con Academica &#8211; International Studies, ofrecemos la posibilidad de cursar el bachillerato de modo Dual, obteniendo el t\u00edtulo\u00a0 propio<\/p>\n\t\t<\/div>\n\t\t\n\t\t<a class=\"elementor-post__read-more\" href=\"https:\/\/www.sanjosecarmelitas.com\/index.php\/conoce-el-bachillerato-dual-ezagutu-gure-nazioarteko-batxilergoa\/\" aria-label=\"M\u00e1s informaci\u00f3n sobre Conoce el Bachillerato Dual &#8211; Ezagutu gure Nazioarteko Batxilergoa\" tabindex=\"-1\" >\n\t\t\tLeer m\u00e1s \u00bb\t\t<\/a>\n\n\t\t\t\t<\/div>\n\t\t\t\t<\/article>\n\t\t\t\t<article class=\"elementor-post elementor-grid-item post-9810 post type-post status-publish format-standard has-post-thumbnail hentry category-noticias\" role=\"listitem\">\n\t\t\t\t<a class=\"elementor-post__thumbnail__link\" href=\"https:\/\/www.sanjosecarmelitas.com\/index.php\/estimulazioa-lantzeko-t-0-6-urteko-familientzat-talleres-de-estimulacion-0-6-anos\/\" tabindex=\"-1\" >\n\t\t\t<div class=\"elementor-post__thumbnail\"><img loading=\"lazy\" decoding=\"async\" width=\"300\" height=\"300\" src=\"https:\/\/www.sanjosecarmelitas.com\/wp-content\/uploads\/2024\/12\/22-300x300.png\" class=\"attachment-medium size-medium wp-image-9851\" alt=\"\" srcset=\"https:\/\/www.sanjosecarmelitas.com\/wp-content\/uploads\/2024\/12\/22-300x300.png 300w, https:\/\/www.sanjosecarmelitas.com\/wp-content\/uploads\/2024\/12\/22-1024x1024.png 1024w, https:\/\/www.sanjosecarmelitas.com\/wp-content\/uploads\/2024\/12\/22-150x150.png 150w, https:\/\/www.sanjosecarmelitas.com\/wp-content\/uploads\/2024\/12\/22-768x768.png 768w, https:\/\/www.sanjosecarmelitas.com\/wp-content\/uploads\/2024\/12\/22.png 1080w\" sizes=\"(max-width: 300px) 100vw, 300px\" \/><\/div>\n\t\t<\/a>\n\t\t\t\t<div class=\"elementor-post__text\">\n\t\t\t\t<h3 class=\"elementor-post__title\">\n\t\t\t<a href=\"https:\/\/www.sanjosecarmelitas.com\/index.php\/estimulazioa-lantzeko-t-0-6-urteko-familientzat-talleres-de-estimulacion-0-6-anos\/\" >\n\t\t\t\tEstimulazioa lantzeko tailerrak 0-6 urteko familientzat &#8211; Talleres de estimulaci\u00f3n 0-6 a\u00f1os\t\t\t<\/a>\n\t\t<\/h3>\n\t\t\t\t<div class=\"elementor-post__meta-data\">\n\t\t\t\t\t<span class=\"elementor-post-date\">\n\t\t\t10 diciembre, 2024\t\t<\/span>\n\t\t\t\t<\/div>\n\t\t\t\t<div class=\"elementor-post__excerpt\">\n\t\t\t<p>Talleres para Familias de Ni\u00f1os de 0 a 6 A\u00f1os en el Colegio San Jos\u00e9 Ikastetxea El Colegio San Jos\u00e9 Ikastetxea ha organizado una serie<\/p>\n\t\t<\/div>\n\t\t\n\t\t<a class=\"elementor-post__read-more\" href=\"https:\/\/www.sanjosecarmelitas.com\/index.php\/estimulazioa-lantzeko-t-0-6-urteko-familientzat-talleres-de-estimulacion-0-6-anos\/\" aria-label=\"M\u00e1s informaci\u00f3n sobre Estimulazioa lantzeko tailerrak 0-6 urteko familientzat &#8211; Talleres de estimulaci\u00f3n 0-6 a\u00f1os\" tabindex=\"-1\" >\n\t\t\tLeer m\u00e1s \u00bb\t\t<\/a>\n\n\t\t\t\t<\/div>\n\t\t\t\t<\/article>\n\t\t\t\t<article class=\"elementor-post elementor-grid-item post-9125 post type-post status-publish format-standard has-post-thumbnail hentry category-noticias tag-becas tag-bekak tag-laguntzak tag-san-jose-carmelitas\" role=\"listitem\">\n\t\t\t\t<a class=\"elementor-post__thumbnail__link\" href=\"https:\/\/www.sanjosecarmelitas.com\/index.php\/unibertsitateaz-kanpoko-bekak-becas-no-universitarias\/\" tabindex=\"-1\" >\n\t\t\t<div class=\"elementor-post__thumbnail\"><img loading=\"lazy\" decoding=\"async\" width=\"300\" height=\"300\" src=\"https:\/\/www.sanjosecarmelitas.com\/wp-content\/uploads\/2023\/09\/Posts-para-Redes-sociales-y-WEb-1-300x300.png\" class=\"attachment-medium size-medium wp-image-9489\" alt=\"\" srcset=\"https:\/\/www.sanjosecarmelitas.com\/wp-content\/uploads\/2023\/09\/Posts-para-Redes-sociales-y-WEb-1-300x300.png 300w, https:\/\/www.sanjosecarmelitas.com\/wp-content\/uploads\/2023\/09\/Posts-para-Redes-sociales-y-WEb-1-1024x1024.png 1024w, https:\/\/www.sanjosecarmelitas.com\/wp-content\/uploads\/2023\/09\/Posts-para-Redes-sociales-y-WEb-1-150x150.png 150w, https:\/\/www.sanjosecarmelitas.com\/wp-content\/uploads\/2023\/09\/Posts-para-Redes-sociales-y-WEb-1-768x768.png 768w, https:\/\/www.sanjosecarmelitas.com\/wp-content\/uploads\/2023\/09\/Posts-para-Redes-sociales-y-WEb-1.png 1080w\" sizes=\"(max-width: 300px) 100vw, 300px\" \/><\/div>\n\t\t<\/a>\n\t\t\t\t<div class=\"elementor-post__text\">\n\t\t\t\t<h3 class=\"elementor-post__title\">\n\t\t\t<a href=\"https:\/\/www.sanjosecarmelitas.com\/index.php\/unibertsitateaz-kanpoko-bekak-becas-no-universitarias\/\" >\n\t\t\t\tUnibertsitateaz kanpoko bekak &#8211; Becas no universitarias\t\t\t<\/a>\n\t\t<\/h3>\n\t\t\t\t<div class=\"elementor-post__meta-data\">\n\t\t\t\t\t<span class=\"elementor-post-date\">\n\t\t\t4 septiembre, 2024\t\t<\/span>\n\t\t\t\t<\/div>\n\t\t\t\t<div class=\"elementor-post__excerpt\">\n\t\t\t<p>El Gobierno Vasco ya ha publicado la convocatoria para solicitar las becas y ayudas al estudio para la escolarizaci\u00f3n de estudiantes de niveles no universitarios<\/p>\n\t\t<\/div>\n\t\t\n\t\t<a class=\"elementor-post__read-more\" href=\"https:\/\/www.sanjosecarmelitas.com\/index.php\/unibertsitateaz-kanpoko-bekak-becas-no-universitarias\/\" aria-label=\"M\u00e1s informaci\u00f3n sobre Unibertsitateaz kanpoko bekak &#8211; Becas no universitarias\" tabindex=\"-1\" >\n\t\t\tLeer m\u00e1s \u00bb\t\t<\/a>\n\n\t\t\t\t<\/div>\n\t\t\t\t<\/article>\n\t\t\t\t<article class=\"elementor-post elementor-grid-item post-9321 post type-post status-publish format-standard has-post-thumbnail hentry category-noticias tag-ate-irekiak tag-matriculacion tag-matrikula tag-puertas-abiertas tag-san-jose-carmelitas\" role=\"listitem\">\n\t\t\t\t<a class=\"elementor-post__thumbnail__link\" href=\"https:\/\/www.sanjosecarmelitas.com\/index.php\/batxilergoko-matrikula-matricula-de-bachillerato\/\" tabindex=\"-1\" >\n\t\t\t<div class=\"elementor-post__thumbnail\"><img loading=\"lazy\" decoding=\"async\" width=\"300\" height=\"300\" src=\"https:\/\/www.sanjosecarmelitas.com\/wp-content\/uploads\/2024\/03\/Posts-para-Redes-sociales-y-WEb-3-300x300.jpg\" class=\"attachment-medium size-medium wp-image-9322\" alt=\"\" srcset=\"https:\/\/www.sanjosecarmelitas.com\/wp-content\/uploads\/2024\/03\/Posts-para-Redes-sociales-y-WEb-3-300x300.jpg 300w, https:\/\/www.sanjosecarmelitas.com\/wp-content\/uploads\/2024\/03\/Posts-para-Redes-sociales-y-WEb-3-1024x1024.jpg 1024w, https:\/\/www.sanjosecarmelitas.com\/wp-content\/uploads\/2024\/03\/Posts-para-Redes-sociales-y-WEb-3-150x150.jpg 150w, https:\/\/www.sanjosecarmelitas.com\/wp-content\/uploads\/2024\/03\/Posts-para-Redes-sociales-y-WEb-3-768x768.jpg 768w, https:\/\/www.sanjosecarmelitas.com\/wp-content\/uploads\/2024\/03\/Posts-para-Redes-sociales-y-WEb-3.jpg 1080w\" sizes=\"(max-width: 300px) 100vw, 300px\" \/><\/div>\n\t\t<\/a>\n\t\t\t\t<div class=\"elementor-post__text\">\n\t\t\t\t<h3 class=\"elementor-post__title\">\n\t\t\t<a href=\"https:\/\/www.sanjosecarmelitas.com\/index.php\/batxilergoko-matrikula-matricula-de-bachillerato\/\" >\n\t\t\t\tBatxilergoko matrikula &#8211; Matr\u00edcula de Bachillerato\t\t\t<\/a>\n\t\t<\/h3>\n\t\t\t\t<div class=\"elementor-post__meta-data\">\n\t\t\t\t\t<span class=\"elementor-post-date\">\n\t\t\t14 marzo, 2024\t\t<\/span>\n\t\t\t\t<\/div>\n\t\t\t\t<div class=\"elementor-post__excerpt\">\n\t\t\t<p>JORNADA DE PUERTAS ABIERTAS\u00a0 ATE IREKIETAKO JARDUNALDIA Apirilak 9an\u00a0 16:00tan \/ 9 de abril\u00a0 16:00h. Proximamente se abrir\u00e1 el plazo de matriculaci\u00f3n de Bachillerato y<\/p>\n\t\t<\/div>\n\t\t\n\t\t<a class=\"elementor-post__read-more\" href=\"https:\/\/www.sanjosecarmelitas.com\/index.php\/batxilergoko-matrikula-matricula-de-bachillerato\/\" aria-label=\"M\u00e1s informaci\u00f3n sobre Batxilergoko matrikula &#8211; Matr\u00edcula de Bachillerato\" tabindex=\"-1\" >\n\t\t\tLeer m\u00e1s \u00bb\t\t<\/a>\n\n\t\t\t\t<\/div>\n\t\t\t\t<\/article>\n\t\t\t\t<article class=\"elementor-post elementor-grid-item post-9293 post type-post status-publish format-standard has-post-thumbnail hentry category-noticias tag-matriculacion tag-matrikula tag-san-jose-carmelitas\" role=\"listitem\">\n\t\t\t\t<a class=\"elementor-post__thumbnail__link\" href=\"https:\/\/www.sanjosecarmelitas.com\/index.php\/matricula-abierta-matrikula-zabalik\/\" tabindex=\"-1\" >\n\t\t\t<div class=\"elementor-post__thumbnail\"><img loading=\"lazy\" decoding=\"async\" width=\"300\" height=\"300\" src=\"https:\/\/www.sanjosecarmelitas.com\/wp-content\/uploads\/2024\/02\/Posts-para-Redes-sociales-y-WEb-2-300x300.jpg\" class=\"attachment-medium size-medium wp-image-9295\" alt=\"\" srcset=\"https:\/\/www.sanjosecarmelitas.com\/wp-content\/uploads\/2024\/02\/Posts-para-Redes-sociales-y-WEb-2-300x300.jpg 300w, https:\/\/www.sanjosecarmelitas.com\/wp-content\/uploads\/2024\/02\/Posts-para-Redes-sociales-y-WEb-2-1024x1024.jpg 1024w, https:\/\/www.sanjosecarmelitas.com\/wp-content\/uploads\/2024\/02\/Posts-para-Redes-sociales-y-WEb-2-150x150.jpg 150w, https:\/\/www.sanjosecarmelitas.com\/wp-content\/uploads\/2024\/02\/Posts-para-Redes-sociales-y-WEb-2-768x768.jpg 768w, https:\/\/www.sanjosecarmelitas.com\/wp-content\/uploads\/2024\/02\/Posts-para-Redes-sociales-y-WEb-2.jpg 1080w\" sizes=\"(max-width: 300px) 100vw, 300px\" \/><\/div>\n\t\t<\/a>\n\t\t\t\t<div class=\"elementor-post__text\">\n\t\t\t\t<h3 class=\"elementor-post__title\">\n\t\t\t<a href=\"https:\/\/www.sanjosecarmelitas.com\/index.php\/matricula-abierta-matrikula-zabalik\/\" >\n\t\t\t\tMatrikula zabalik &#8211; Matr\u00edcula abierta\t\t\t<\/a>\n\t\t<\/h3>\n\t\t\t\t<div class=\"elementor-post__meta-data\">\n\t\t\t\t\t<span class=\"elementor-post-date\">\n\t\t\t9 febrero, 2024\t\t<\/span>\n\t\t\t\t<\/div>\n\t\t\t\t<div class=\"elementor-post__excerpt\">\n\t\t\t<p>\u00a1Apertura del Periodo de Prematr\u00edcula en el Colegio San Jos\u00e9 Carmelitas! Os informamos con entusiasmo que el Colegio San Jos\u00e9 Carmelitas abre el periodo de<\/p>\n\t\t<\/div>\n\t\t\n\t\t<a class=\"elementor-post__read-more\" href=\"https:\/\/www.sanjosecarmelitas.com\/index.php\/matricula-abierta-matrikula-zabalik\/\" aria-label=\"M\u00e1s informaci\u00f3n sobre Matrikula zabalik &#8211; Matr\u00edcula abierta\" tabindex=\"-1\" >\n\t\t\tLeer m\u00e1s \u00bb\t\t<\/a>\n\n\t\t\t\t<\/div>\n\t\t\t\t<\/article>\n\t\t\t\t<article class=\"elementor-post elementor-grid-item post-9266 post type-post status-publish format-standard has-post-thumbnail hentry category-noticias tag-baloreak tag-dbh tag-gke tag-jovenes-emprendedores tag-ong tag-san-jose-carmelitas tag-solidaridad tag-valores\" role=\"listitem\">\n\t\t\t\t<a class=\"elementor-post__thumbnail__link\" href=\"https:\/\/www.sanjosecarmelitas.com\/index.php\/compromiso-solidario-gure-gke-ak-ezagutu\/\" tabindex=\"-1\" >\n\t\t\t<div class=\"elementor-post__thumbnail\"><img loading=\"lazy\" decoding=\"async\" width=\"300\" height=\"300\" src=\"https:\/\/www.sanjosecarmelitas.com\/wp-content\/uploads\/2024\/02\/Posts-para-Redes-sociales-y-WEb-300x300.jpg\" class=\"attachment-medium size-medium wp-image-10117\" alt=\"\" srcset=\"https:\/\/www.sanjosecarmelitas.com\/wp-content\/uploads\/2024\/02\/Posts-para-Redes-sociales-y-WEb-300x300.jpg 300w, https:\/\/www.sanjosecarmelitas.com\/wp-content\/uploads\/2024\/02\/Posts-para-Redes-sociales-y-WEb-1024x1024.jpg 1024w, https:\/\/www.sanjosecarmelitas.com\/wp-content\/uploads\/2024\/02\/Posts-para-Redes-sociales-y-WEb-150x150.jpg 150w, https:\/\/www.sanjosecarmelitas.com\/wp-content\/uploads\/2024\/02\/Posts-para-Redes-sociales-y-WEb-768x768.jpg 768w, https:\/\/www.sanjosecarmelitas.com\/wp-content\/uploads\/2024\/02\/Posts-para-Redes-sociales-y-WEb.jpg 1080w\" sizes=\"(max-width: 300px) 100vw, 300px\" \/><\/div>\n\t\t<\/a>\n\t\t\t\t<div class=\"elementor-post__text\">\n\t\t\t\t<h3 class=\"elementor-post__title\">\n\t\t\t<a href=\"https:\/\/www.sanjosecarmelitas.com\/index.php\/compromiso-solidario-gure-gke-ak-ezagutu\/\" >\n\t\t\t\tCompromiso Solidario: Gure GKE-ak ezagutu\t\t\t<\/a>\n\t\t<\/h3>\n\t\t\t\t<div class=\"elementor-post__meta-data\">\n\t\t\t\t\t<span class=\"elementor-post-date\">\n\t\t\t5 febrero, 2024\t\t<\/span>\n\t\t\t\t<\/div>\n\t\t\t\t<div class=\"elementor-post__excerpt\">\n\t\t\t<p>Los alumnos de 3\u00ba de ESO del Colegio San Jos\u00e9 Carmelitas (Santurtzi) han vuelto a dejar clara su vocaci\u00f3n solidaria. Con el nacimiento de SEK<\/p>\n\t\t<\/div>\n\t\t\n\t\t<a class=\"elementor-post__read-more\" href=\"https:\/\/www.sanjosecarmelitas.com\/index.php\/compromiso-solidario-gure-gke-ak-ezagutu\/\" aria-label=\"M\u00e1s informaci\u00f3n sobre Compromiso Solidario: Gure GKE-ak ezagutu\" tabindex=\"-1\" >\n\t\t\tLeer m\u00e1s \u00bb\t\t<\/a>\n\n\t\t\t\t<\/div>\n\t\t\t\t<\/article>\n\t\t\t\t<\/div>\n\t\t\n\t\t\t\t<div class=\"e-load-more-anchor\" data-page=\"1\" data-max-page=\"37\" data-next-page=\"https:\/\/www.sanjosecarmelitas.com\/index.php\/wp-json\/wp\/v2\/pages\/6292\/page\/2\/\"><\/div>\n\t\t\t\t<nav class=\"elementor-pagination\" aria-label=\"Paginaci\u00f3n\">\n\t\t\t<span class=\"page-numbers prev\">&laquo; Anterior<\/span>\n<span aria-current=\"page\" class=\"page-numbers current\"><span class=\"elementor-screen-only\">P\u00e1gina<\/span>1<\/span>\n<a class=\"page-numbers\" href=\"https:\/\/www.sanjosecarmelitas.com\/index.php\/wp-json\/wp\/v2\/pages\/6292\/page\/2\/\"><span class=\"elementor-screen-only\">P\u00e1gina<\/span>2<\/a>\n<a class=\"page-numbers\" href=\"https:\/\/www.sanjosecarmelitas.com\/index.php\/wp-json\/wp\/v2\/pages\/6292\/page\/3\/\"><span class=\"elementor-screen-only\">P\u00e1gina<\/span>3<\/a>\n<a class=\"page-numbers\" href=\"https:\/\/www.sanjosecarmelitas.com\/index.php\/wp-json\/wp\/v2\/pages\/6292\/page\/4\/\"><span class=\"elementor-screen-only\">P\u00e1gina<\/span>4<\/a>\n<a class=\"page-numbers\" href=\"https:\/\/www.sanjosecarmelitas.com\/index.php\/wp-json\/wp\/v2\/pages\/6292\/page\/5\/\"><span class=\"elementor-screen-only\">P\u00e1gina<\/span>5<\/a>\n<a class=\"page-numbers next\" href=\"https:\/\/www.sanjosecarmelitas.com\/index.php\/wp-json\/wp\/v2\/pages\/6292\/page\/2\/\">Siguiente &raquo;<\/a>\t\t<\/nav>\n\t\t\t\t\t\t<\/div>\n\t\t\t\t<\/div>\n\t\t\t\t\t<\/div>\n\t\t<\/div>\n\t\t\t\t\t<\/div>\n\t\t<\/section>\n\t\t\t\t<\/div>\n\t\t","protected":false},"excerpt":{"rendered":"","protected":false},"author":3,"featured_media":0,"parent":0,"menu_order":0,"comment_status":"closed","ping_status":"closed","template":"","meta":{"site-sidebar-layout":"no-sidebar","site-content-layout":"page-builder","ast-site-content-layout":"default","site-content-style":"default","site-sidebar-style":"default","ast-global-header-display":"","ast-banner-title-visibility":"","ast-main-header-display":"","ast-hfb-above-header-display":"","ast-hfb-below-header-display":"","ast-hfb-mobile-header-display":"","site-post-title":"disabled","ast-breadcrumbs-content":"","ast-featured-img":"disabled","footer-sml-layout":"","ast-disable-related-posts":"","theme-transparent-header-meta":"default","adv-header-id-meta":"","stick-header-meta":"","header-above-stick-meta":"","header-main-stick-meta":"","header-below-stick-meta":"","astra-migrate-meta-layouts":"default","ast-page-background-enabled":"default","ast-page-background-meta":{"desktop":{"background-color":"var(--ast-global-color-4)","background-image":"","background-repeat":"repeat","background-position":"center center","background-size":"auto","background-attachment":"scroll","background-type":"","background-media":"","overlay-type":"","overlay-color":"","overlay-opacity":"","overlay-gradient":""},"tablet":{"background-color":"","background-image":"","background-repeat":"repeat","background-position":"center center","background-size":"auto","background-attachment":"scroll","background-type":"","background-media":"","overlay-type":"","overlay-color":"","overlay-opacity":"","overlay-gradient":""},"mobile":{"background-color":"","background-image":"","background-repeat":"repeat","background-position":"center center","background-size":"auto","background-attachment":"scroll","background-type":"","background-media":"","overlay-type":"","overlay-color":"","overlay-opacity":"","overlay-gradient":""}},"ast-content-background-meta":{"desktop":{"background-color":"var(--ast-global-color-5)","background-image":"","background-repeat":"repeat","background-position":"center center","background-size":"auto","background-attachment":"scroll","background-type":"","background-media":"","overlay-type":"","overlay-color":"","overlay-opacity":"","overlay-gradient":""},"tablet":{"background-color":"var(--ast-global-color-5)","background-image":"","background-repeat":"repeat","background-position":"center center","background-size":"auto","background-attachment":"scroll","background-type":"","background-media":"","overlay-type":"","overlay-color":"","overlay-opacity":"","overlay-gradient":""},"mobile":{"background-color":"var(--ast-global-color-5)","background-image":"","background-repeat":"repeat","background-position":"center center","background-size":"auto","background-attachment":"scroll","background-type":"","background-media":"","overlay-type":"","overlay-color":"","overlay-opacity":"","overlay-gradient":""}},"footnotes":""},"class_list":["post-6292","page","type-page","status-publish","hentry"],"_links":{"self":[{"href":"https:\/\/www.sanjosecarmelitas.com\/index.php\/wp-json\/wp\/v2\/pages\/6292","targetHints":{"allow":["GET"]}}],"collection":[{"href":"https:\/\/www.sanjosecarmelitas.com\/index.php\/wp-json\/wp\/v2\/pages"}],"about":[{"href":"https:\/\/www.sanjosecarmelitas.com\/index.php\/wp-json\/wp\/v2\/types\/page"}],"author":[{"embeddable":true,"href":"https:\/\/www.sanjosecarmelitas.com\/index.php\/wp-json\/wp\/v2\/users\/3"}],"replies":[{"embeddable":true,"href":"https:\/\/www.sanjosecarmelitas.com\/index.php\/wp-json\/wp\/v2\/comments?post=6292"}],"version-history":[{"count":3,"href":"https:\/\/www.sanjosecarmelitas.com\/index.php\/wp-json\/wp\/v2\/pages\/6292\/revisions"}],"predecessor-version":[{"id":6297,"href":"https:\/\/www.sanjosecarmelitas.com\/index.php\/wp-json\/wp\/v2\/pages\/6292\/revisions\/6297"}],"wp:attachment":[{"href":"https:\/\/www.sanjosecarmelitas.com\/index.php\/wp-json\/wp\/v2\/media?parent=6292"}],"curies":[{"name":"wp","href":"https:\/\/api.w.org\/{rel}","templated":true}]}}