{"id":183,"date":"2013-05-29T15:34:21","date_gmt":"2013-05-29T15:34:21","guid":{"rendered":"https:\/\/www.sanjosecarmelitas.com\/index.php\/servicios\/gabinete-psicopedagogico\/"},"modified":"2020-03-26T13:14:06","modified_gmt":"2020-03-26T12:14:06","slug":"gabinete-psicopedagogico","status":"publish","type":"page","link":"https:\/\/www.sanjosecarmelitas.com\/index.php\/servicios\/gabinete-psicopedagogico\/","title":{"rendered":"Gabinete Psicopedag\u00f3gico"},"content":{"rendered":"\t\t<div data-elementor-type=\"wp-post\" data-elementor-id=\"183\" class=\"elementor elementor-183\" data-elementor-post-type=\"page\">\n\t\t\t\t\t\t<section class=\"elementor-section elementor-top-section elementor-element elementor-element-d1cf6b4 elementor-section-boxed elementor-section-height-default elementor-section-height-default\" data-id=\"d1cf6b4\" data-element_type=\"section\">\n\t\t\t\t\t\t<div class=\"elementor-container elementor-column-gap-default\">\n\t\t\t\t\t<div class=\"elementor-column elementor-col-66 elementor-top-column elementor-element elementor-element-12f16c6\" data-id=\"12f16c6\" data-element_type=\"column\">\n\t\t\t<div class=\"elementor-widget-wrap elementor-element-populated\">\n\t\t\t\t\t\t<div class=\"elementor-element elementor-element-f567ee8 elementor-widget elementor-widget-text-editor\" data-id=\"f567ee8\" data-element_type=\"widget\" data-widget_type=\"text-editor.default\">\n\t\t\t\t<div class=\"elementor-widget-container\">\n\t\t\t\t\t\t\t\t\t<p>En el Colegio el gabinete psicopedag\u00f3gico est\u00e1 formado por la Directora, la Orientadora escolar, la Consultora de EI y EP y 3 P.T.\u2019s, que cuentan con la ayuda directa de t\u00e9cnicos y especialistas del Berritzegune.<\/p>\n<p>\u00a0<\/p>\n<p>Este gabinete apoya la orientaci\u00f3n psicopedag\u00f3gica en varios niveles:<\/p>\t\t\t\t\t\t\t\t<\/div>\n\t\t\t\t<\/div>\n\t\t\t\t\t<\/div>\n\t\t<\/div>\n\t\t\t\t<div class=\"elementor-column elementor-col-33 elementor-top-column elementor-element elementor-element-661685a\" data-id=\"661685a\" data-element_type=\"column\">\n\t\t\t<div class=\"elementor-widget-wrap elementor-element-populated\">\n\t\t\t\t\t\t<div class=\"elementor-element elementor-element-7177e0a elementor-widget elementor-widget-image\" data-id=\"7177e0a\" data-element_type=\"widget\" data-widget_type=\"image.default\">\n\t\t\t\t<div class=\"elementor-widget-container\">\n\t\t\t\t\t\t\t\t\t\t\t\t\t\t\t<img fetchpriority=\"high\" decoding=\"async\" width=\"300\" height=\"227\" src=\"https:\/\/www.sanjosecarmelitas.com\/wp-content\/uploads\/2020\/03\/psicopedagogico-300x227.jpg\" class=\"attachment-medium size-medium wp-image-6678\" alt=\"\" srcset=\"https:\/\/www.sanjosecarmelitas.com\/wp-content\/uploads\/2020\/03\/psicopedagogico-300x227.jpg 300w, https:\/\/www.sanjosecarmelitas.com\/wp-content\/uploads\/2020\/03\/psicopedagogico-768x580.jpg 768w, https:\/\/www.sanjosecarmelitas.com\/wp-content\/uploads\/2020\/03\/psicopedagogico.jpg 785w\" sizes=\"(max-width: 300px) 100vw, 300px\" \/>\t\t\t\t\t\t\t\t\t\t\t\t\t\t\t<\/div>\n\t\t\t\t<\/div>\n\t\t\t\t\t<\/div>\n\t\t<\/div>\n\t\t\t\t\t<\/div>\n\t\t<\/section>\n\t\t\t\t<section class=\"elementor-section elementor-top-section elementor-element elementor-element-1d568a10 elementor-section-boxed elementor-section-height-default elementor-section-height-default\" data-id=\"1d568a10\" data-element_type=\"section\">\n\t\t\t\t\t\t<div class=\"elementor-container elementor-column-gap-default\">\n\t\t\t\t\t<div class=\"elementor-column elementor-col-100 elementor-top-column elementor-element elementor-element-21d1e4aa\" data-id=\"21d1e4aa\" data-element_type=\"column\">\n\t\t\t<div class=\"elementor-widget-wrap elementor-element-populated\">\n\t\t\t\t\t\t<div class=\"elementor-element elementor-element-6f063c21 elementor-widget elementor-widget-text-editor\" data-id=\"6f063c21\" data-element_type=\"widget\" data-widget_type=\"text-editor.default\">\n\t\t\t\t<div class=\"elementor-widget-container\">\n\t\t\t\t\t\t\t\t\t<p style=\"text-align: justify; padding-left: 40px;\"><span style=\"color: #8960e0; font-family: 'Roboto Condensed', sans-serif; font-size: 2.14286rem; font-weight: 400; text-transform: uppercase;\">ALUMNADO<\/span><\/p>\n<ul>\n<li>Ayuda a los alumnos y alumnas en los momentos de dificultad: ingreso, cambios de ciclo, elecci\u00f3n de materias optativas, etc., ayud\u00e1ndoles a descubrir sus capacidades, habilidades e intereses.<\/li>\n<li>Observaci\u00f3n, evaluaci\u00f3n y realizaci\u00f3n de informes y derivaciones hacia otros especialistas si fuera necesario.<\/li>\n<li>Tratamientos espec\u00edficos y seguimiento de alumnos o alumnas en algunos casos.<\/li>\n<li>Orientaci\u00f3n individual y grupal.<\/li>\n<li>Ayuda a la integraci\u00f3n de alumnos y alumnas inmigrantes.<\/li>\n<li>Derivaci\u00f3n a los recursos de Necesidades Educativas Especiales con los que cuenta el centro para\u00a0 aquellos alumnos y alumnas que lo precisen y puedan ser beneficiarios de estos.<\/li>\n<li>Participaci\u00f3n en la iniciativa Bizikasi del Gobierno Vasco con el objetivo de hacer del colegio un espacio seguro, de convivencia positiva y de tolerancia cero ante posibles situaciones de acoso.<\/li>\n<\/ul>\n<h2>PROFESORADO<\/h2>\n<ul>\n<li>Colaborar en la detecci\u00f3n de necesidades y problemas educativos, de desarrollo y\/o aprendizaje que presenten los alumnos o alumnas, y colaboraci\u00f3n en la pronta intervenci\u00f3n para tratar de mejorar.<\/li>\n<li>Comunicaci\u00f3n, orientaci\u00f3n y apoyo.<\/li>\n<li>Orientar en la programaci\u00f3n de la acci\u00f3n tutorial.<\/li>\n<li>Coordinaci\u00f3n entre profesorado, gabinetes y otros profesionales en la\u00a0 puesta en marcha de programas y materiales espec\u00edficos para ciertos alumnos o alumnas con necesidades especiales.<\/li>\n<li>Orientaci\u00f3n y asesoramiento en cuanto a recursos.<\/li>\n<li>Colaboraci\u00f3n con los tutores y tutoras en el dise\u00f1o de programas de modificaci\u00f3n de conducta.<\/li>\n<li>Unificaci\u00f3n de criterios con los centros de la zona en los seminarios del Berritzegune.<\/li>\n<li>Coordinaci\u00f3n y colaboraci\u00f3n estrecha con las profesionales de <a href=\"https:\/\/www.sanjosecarmelitas.com\/index.php\/oferta-educativa\/aulas-de-apoyo\/\">Necesidades Educativas Especiales<\/a> del centro y los especialistas del Berritzegune.<\/li>\n<li>Colaboraci\u00f3n junto con el profesorado en acompa\u00f1ar a todo el alumnado en su desarrollo personal y dotarle de competencias y herramientas que le permitan participar en la sociedad como ciudadanos activos y responsables.<\/li>\n<\/ul>\n<h2>FAMILIA<\/h2>\n<ul>\n<li>Entrevistas con padre, madre, tutor o tutora de ni\u00f1os con necesidades espec\u00edficas.<\/li>\n<li>Entrevistas con padre, madre, tutor o tutora de alumnos o alumnas que lo soliciten, bien para tratar asuntos de sus hijos directamente, bien para enfocar otros aspectos de la vida familiar que le puedan afectar.<\/li>\n<li>Coordinaci\u00f3n y acompa\u00f1amiento a las familias en el proceso educativo de sus hijos e hijas\u00a0 en pro de facilitar la convivencia positiva dentro y fuera del centro escolar.<\/li>\n<\/ul>\n<h2>OTROS PROFESIONALES E INSTITUCIONES:<\/h2>\n<ul>\n<li>Colaboraci\u00f3n y coordinaci\u00f3n con otros profesionales y entidades que trabajan con nuestro alumnado en favor de su bienestar f\u00edsico, ps\u00edquico, personal y social. Como pueden ser:\n<ul>\n<li style=\"list-style-type: none;\">\n<ul>\n<li>Ayuntamiento<\/li>\n<li>Berritzegune<\/li>\n<li>Osakidetza\u00a0<\/li>\n<li>Diputaci\u00f3n\u00a0<\/li>\n<li>Otros centros educativos<\/li>\n<li>Gabinetes especializados<\/li>\n<li>Asociaciones\u00a0<\/li>\n<li>&#8230;<\/li>\n<\/ul>\n<\/li>\n<\/ul>\n<\/li>\n<\/ul>\n<p><\/p>\n<p>\u00a0<\/p>\n<p><\/p>\t\t\t\t\t\t\t\t<\/div>\n\t\t\t\t<\/div>\n\t\t\t\t\t<\/div>\n\t\t<\/div>\n\t\t\t\t\t<\/div>\n\t\t<\/section>\n\t\t\t\t<\/div>\n\t\t","protected":false},"excerpt":{"rendered":"<p>En el Colegio el gabinete psicopedag\u00f3gico est\u00e1 formado por la Directora, la Orientadora escolar, la Consultora de EI y EP y 3 P.T.\u2019s, que cuentan con la ayuda directa de t\u00e9cnicos y especialistas del Berritzegune. Este gabinete apoya la orientaci\u00f3n psicopedag\u00f3gica en varios niveles: ALUMNADO Ayuda a los alumnos y alumnas en los momentos de [&hellip;]<\/p>\n","protected":false},"author":1,"featured_media":0,"parent":176,"menu_order":19,"comment_status":"closed","ping_status":"closed","template":"","meta":{"site-sidebar-layout":"default","site-content-layout":"default","ast-site-content-layout":"default","site-content-style":"default","site-sidebar-style":"default","ast-global-header-display":"","ast-banner-title-visibility":"","ast-main-header-display":"","ast-hfb-above-header-display":"","ast-hfb-below-header-display":"","ast-hfb-mobile-header-display":"","site-post-title":"","ast-breadcrumbs-content":"","ast-featured-img":"","footer-sml-layout":"","ast-disable-related-posts":"","theme-transparent-header-meta":"default","adv-header-id-meta":"","stick-header-meta":"","header-above-stick-meta":"","header-main-stick-meta":"","header-below-stick-meta":"","astra-migrate-meta-layouts":"default","ast-page-background-enabled":"default","ast-page-background-meta":{"desktop":{"background-color":"var(--ast-global-color-4)","background-image":"","background-repeat":"repeat","background-position":"center center","background-size":"auto","background-attachment":"scroll","background-type":"","background-media":"","overlay-type":"","overlay-color":"","overlay-opacity":"","overlay-gradient":""},"tablet":{"background-color":"","background-image":"","background-repeat":"repeat","background-position":"center center","background-size":"auto","background-attachment":"scroll","background-type":"","background-media":"","overlay-type":"","overlay-color":"","overlay-opacity":"","overlay-gradient":""},"mobile":{"background-color":"","background-image":"","background-repeat":"repeat","background-position":"center center","background-size":"auto","background-attachment":"scroll","background-type":"","background-media":"","overlay-type":"","overlay-color":"","overlay-opacity":"","overlay-gradient":""}},"ast-content-background-meta":{"desktop":{"background-color":"var(--ast-global-color-5)","background-image":"","background-repeat":"repeat","background-position":"center center","background-size":"auto","background-attachment":"scroll","background-type":"","background-media":"","overlay-type":"","overlay-color":"","overlay-opacity":"","overlay-gradient":""},"tablet":{"background-color":"var(--ast-global-color-5)","background-image":"","background-repeat":"repeat","background-position":"center center","background-size":"auto","background-attachment":"scroll","background-type":"","background-media":"","overlay-type":"","overlay-color":"","overlay-opacity":"","overlay-gradient":""},"mobile":{"background-color":"var(--ast-global-color-5)","background-image":"","background-repeat":"repeat","background-position":"center center","background-size":"auto","background-attachment":"scroll","background-type":"","background-media":"","overlay-type":"","overlay-color":"","overlay-opacity":"","overlay-gradient":""}},"footnotes":""},"class_list":["post-183","page","type-page","status-publish","hentry"],"_links":{"self":[{"href":"https:\/\/www.sanjosecarmelitas.com\/index.php\/wp-json\/wp\/v2\/pages\/183","targetHints":{"allow":["GET"]}}],"collection":[{"href":"https:\/\/www.sanjosecarmelitas.com\/index.php\/wp-json\/wp\/v2\/pages"}],"about":[{"href":"https:\/\/www.sanjosecarmelitas.com\/index.php\/wp-json\/wp\/v2\/types\/page"}],"author":[{"embeddable":true,"href":"https:\/\/www.sanjosecarmelitas.com\/index.php\/wp-json\/wp\/v2\/users\/1"}],"replies":[{"embeddable":true,"href":"https:\/\/www.sanjosecarmelitas.com\/index.php\/wp-json\/wp\/v2\/comments?post=183"}],"version-history":[{"count":5,"href":"https:\/\/www.sanjosecarmelitas.com\/index.php\/wp-json\/wp\/v2\/pages\/183\/revisions"}],"predecessor-version":[{"id":6716,"href":"https:\/\/www.sanjosecarmelitas.com\/index.php\/wp-json\/wp\/v2\/pages\/183\/revisions\/6716"}],"up":[{"embeddable":true,"href":"https:\/\/www.sanjosecarmelitas.com\/index.php\/wp-json\/wp\/v2\/pages\/176"}],"wp:attachment":[{"href":"https:\/\/www.sanjosecarmelitas.com\/index.php\/wp-json\/wp\/v2\/media?parent=183"}],"curies":[{"name":"wp","href":"https:\/\/api.w.org\/{rel}","templated":true}]}}