{"id":18,"date":"2013-04-25T10:24:38","date_gmt":"2013-04-25T10:24:38","guid":{"rendered":"https:\/\/www.sanjosecarmelitas.com\/?page_id=18"},"modified":"2019-05-09T21:08:08","modified_gmt":"2019-05-09T21:08:08","slug":"historia","status":"publish","type":"page","link":"https:\/\/www.sanjosecarmelitas.com\/index.php\/colegio\/historia\/","title":{"rendered":"Historia"},"content":{"rendered":"<p><a href=\"https:\/\/www.sanjosecarmelitas.com\/wp-content\/uploads\/2013\/04\/historia1.jpg\"><img fetchpriority=\"high\" decoding=\"async\" class=\" wp-image-81 alignright\" alt=\"historia1\" src=\"https:\/\/www.sanjosecarmelitas.com\/wp-content\/uploads\/2013\/04\/historia1-204x300.jpg\" width=\"243\" height=\"356\" srcset=\"https:\/\/www.sanjosecarmelitas.com\/wp-content\/uploads\/2013\/04\/historia1-204x300.jpg 204w, https:\/\/www.sanjosecarmelitas.com\/wp-content\/uploads\/2013\/04\/historia1-250x366.jpg 250w, https:\/\/www.sanjosecarmelitas.com\/wp-content\/uploads\/2013\/04\/historia1-150x220.jpg 150w, https:\/\/www.sanjosecarmelitas.com\/wp-content\/uploads\/2013\/04\/historia1.jpg 546w\" sizes=\"(max-width: 243px) 100vw, 243px\" \/><\/a>En 1959 las Hermanas Carmelitas Teresas de San Jos\u00e9 tuvieron un sue\u00f1o, la idea de fundar un colegio en Santurce, pues vieron en nuestro pueblo una tierra que ten\u00eda futuro, un desaf\u00edo para seguir sembrando en un nuevo espacio y en una nueva realidad su proyecto educativo; precisamente aqu\u00ed donde la devoci\u00f3n a la Virgen del Carmen, nuestra Patrona, cuenta con larga tradici\u00f3n.<\/p>\n<p>En Santurce, en 1959 la Congregaci\u00f3n adquiri\u00f3 un hermoso chalet de la Avenida. Murrieta n\u00famero 9, rodeado de un parquecito con tilos y al extremo un viejo caser\u00f3n que albergar\u00eda tambi\u00e9n algunas aulas. El edificio era propiedad de D. Jes\u00fas Gonz\u00e1lez L\u00f3pez de Lacalle, prestigioso sacerdote, que hab\u00eda dirigido en \u00e9l una importante obra social: el <b><i>Solacium Alma Mater<\/i><\/b>.<\/p>\n<p><a href=\"https:\/\/www.sanjosecarmelitas.com\/wp-content\/uploads\/2013\/04\/01_SJC_Historiaw.jpg\"><img decoding=\"async\" class=\"alignleft  wp-image-724\" alt=\"01_SJC_Historiaw\" src=\"https:\/\/www.sanjosecarmelitas.com\/wp-content\/uploads\/2013\/04\/01_SJC_Historiaw-225x135.jpg\" width=\"275\" height=\"183\" \/><\/a>El 29 de septiembre quedaba constituida la primera Comunidad de Hermanas Carmelitas Teresas de San Jos\u00e9. Estas hermanas llevaron a cabo los preparativos para acoger a las primeras alumnas con las dificultades propias de todos los comienzos.<\/p>\n<p>As\u00ed, el 15 de noviembre de 1959 abr\u00eda las puertas el Colegio <b>San Jos\u00e9<\/b><b>-Hermanas Carmelitas<\/b>, con la sencillez que esta fecha avanzada del curso escolar y el reducido n\u00famero de alumnas requer\u00eda.<\/p>\n<p><a href=\"https:\/\/www.sanjosecarmelitas.com\/wp-content\/uploads\/2013\/10\/07_SJC_Historia.jpg\"><img decoding=\"async\" class=\"alignright\" alt=\"07_SJC_Historia\" src=\"https:\/\/www.sanjosecarmelitas.com\/wp-content\/uploads\/2013\/10\/07_SJC_Historia-275x183.jpg\" width=\"275\" height=\"183\" \/><\/a>Este primer curso escolar, 1959-60, si bien se inici\u00f3 con diez alumnas, termin\u00f3 con sesenta; y en el curso 1963-64 la matr\u00edcula ya hab\u00eda ascendido a 435 alumnas. Todo indicaba, pues, que este nuevo proyecto educativo era aceptado y respond\u00eda a las necesidades y expectativas que las familias del municipio ten\u00edan sobre la educaci\u00f3n sus hijos. Estos primero a\u00f1os fueron a\u00f1os de desaf\u00edos, de trabajo, de dar a conocer el ideal educativo y la educaci\u00f3n que ofrec\u00eda, pero a\u00f1os llenos de esperanza e ilusi\u00f3n.<\/p>\n<p><a href=\"https:\/\/www.sanjosecarmelitas.com\/wp-content\/uploads\/2013\/10\/04_SJC_Historia.jpg\"><img loading=\"lazy\" decoding=\"async\" class=\"alignleft\" alt=\"04_SJC_Historia\" src=\"https:\/\/www.sanjosecarmelitas.com\/wp-content\/uploads\/2013\/10\/04_SJC_Historia-275x183.jpg\" width=\"275\" height=\"183\" \/><\/a>Este progresivo aumento de la matr\u00edcula hizo urgente la ampliaci\u00f3n del edificio, por ello, en el a\u00f1o 1963 se construy\u00f3, al lado del chalecito, un edificio de siete plantas, de las que inmediatamente se habilitaron cinco.<\/p>\n<p>Esta evoluci\u00f3n en los espacios hizo posible que la oferta educativa fuera ampli\u00e1ndose, de modo que en abril de 1967 el colegio \u201cSAN JOSE\u201d fue reconocido por el Ministerio de Educaci\u00f3n para impartir las ense\u00f1anzas del Bachillerato Elemental,\u00a0 en 1971-1972 era autorizado\u00a0 y reconocido para el Bachillerato Superior.<\/p>\n<p>S<a href=\"https:\/\/www.sanjosecarmelitas.com\/wp-content\/uploads\/2013\/10\/09_SJC_Historia.jpg\"><img loading=\"lazy\" decoding=\"async\" class=\"alignright\" alt=\"09_SJC_Historia\" src=\"https:\/\/www.sanjosecarmelitas.com\/wp-content\/uploads\/2013\/10\/09_SJC_Historia-275x183.jpg\" width=\"275\" height=\"183\" \/><\/a>in embargo, el n\u00famero de alumnas segu\u00eda creciendo: en el curso 1973-1974 en el colegio San Jos\u00e9-Carmelitas de Santurtzi estudiaban 908 alumnas\/os. Se vio entonces la necesidad no solo de ampliar el n\u00famero de aulas, sino de hacerlas m\u00e1s espaciosas. En consecuencia, en 1973 se derrib\u00f3 el primitivo chalet y en su lugar se construy\u00f3 un pabell\u00f3n de cuatro plantas que completaba la edificaci\u00f3n el anterior. El 19 de mayo de 1974 ten\u00eda lugar la inauguraci\u00f3n solemne de los nuevos locales con instalaciones m\u00e1s modernas y funcionales: aulas, gimnasio, comedores, cocina, patio cubierto, etc.<\/p>\n<p>Pero las leyes educativas se suced\u00edan, la sociedad comenzaba a cambiar, a democratizarse, a abrirse a otros modos de vida, y nuestro colegio, parte viva de ella, tambi\u00e9n cambiaba\u2026 As\u00ed, se crearon los primeros consejos escolares, se normaliz\u00f3 la ense\u00f1anza del euskera, el colegio se hizo mixto, aparecieron otros modelos ling\u00fc\u00edsticos, se nombr\u00f3 a la primera directora pedag\u00f3gica seglar\u2026<\/p>\n<p><a href=\"https:\/\/www.sanjosecarmelitas.com\/wp-content\/uploads\/2013\/04\/Cincuentenario.jpg\"><img loading=\"lazy\" decoding=\"async\" class=\"alignleft  wp-image-725\" alt=\"Cincuentenario\" src=\"https:\/\/www.sanjosecarmelitas.com\/wp-content\/uploads\/2013\/04\/Cincuentenario-225x156.jpg\" width=\"275\" height=\"183\" \/><\/a>En el curso 2002-2003, inauguramos un nuevo edificio a fin de disponer de instalaciones adecuadas para desarrollar ciertas capacidades e impartir determinadas \u00e1reas y materias que aparecen en los nuevos dise\u00f1os curriculares (desarrollo de la psicomotricidad, pr\u00e1ctica deportiva, difusi\u00f3n de las TIC).<\/p>\n<p>Toda esta constante evoluci\u00f3n y adaptaci\u00f3n que responde al esp\u00edritu innovador y comprometido de nuestras fundadoras y de la Congregaci\u00f3n a la que pertenecemos, nos ha permitido convertirnos en lo que hoy somos.<\/p>\n","protected":false},"excerpt":{"rendered":"<p>En 1959 las Hermanas Carmelitas Teresas de San Jos\u00e9 tuvieron un sue\u00f1o, la idea de fundar un colegio en Santurce, pues vieron en nuestro pueblo una tierra que ten\u00eda futuro, un desaf\u00edo para seguir sembrando en un nuevo espacio y en una nueva realidad su proyecto educativo; precisamente aqu\u00ed donde la devoci\u00f3n a la Virgen [&hellip;]<\/p>\n","protected":false},"author":1,"featured_media":0,"parent":13,"menu_order":4,"comment_status":"closed","ping_status":"closed","template":"","meta":{"site-sidebar-layout":"default","site-content-layout":"","ast-site-content-layout":"default","site-content-style":"default","site-sidebar-style":"default","ast-global-header-display":"","ast-banner-title-visibility":"","ast-main-header-display":"","ast-hfb-above-header-display":"","ast-hfb-below-header-display":"","ast-hfb-mobile-header-display":"","site-post-title":"","ast-breadcrumbs-content":"","ast-featured-img":"","footer-sml-layout":"","ast-disable-related-posts":"","theme-transparent-header-meta":"","adv-header-id-meta":"","stick-header-meta":"","header-above-stick-meta":"","header-main-stick-meta":"","header-below-stick-meta":"","astra-migrate-meta-layouts":"default","ast-page-background-enabled":"default","ast-page-background-meta":{"desktop":{"background-color":"var(--ast-global-color-4)","background-image":"","background-repeat":"repeat","background-position":"center center","background-size":"auto","background-attachment":"scroll","background-type":"","background-media":"","overlay-type":"","overlay-color":"","overlay-opacity":"","overlay-gradient":""},"tablet":{"background-color":"","background-image":"","background-repeat":"repeat","background-position":"center center","background-size":"auto","background-attachment":"scroll","background-type":"","background-media":"","overlay-type":"","overlay-color":"","overlay-opacity":"","overlay-gradient":""},"mobile":{"background-color":"","background-image":"","background-repeat":"repeat","background-position":"center center","background-size":"auto","background-attachment":"scroll","background-type":"","background-media":"","overlay-type":"","overlay-color":"","overlay-opacity":"","overlay-gradient":""}},"ast-content-background-meta":{"desktop":{"background-color":"var(--ast-global-color-5)","background-image":"","background-repeat":"repeat","background-position":"center center","background-size":"auto","background-attachment":"scroll","background-type":"","background-media":"","overlay-type":"","overlay-color":"","overlay-opacity":"","overlay-gradient":""},"tablet":{"background-color":"var(--ast-global-color-5)","background-image":"","background-repeat":"repeat","background-position":"center center","background-size":"auto","background-attachment":"scroll","background-type":"","background-media":"","overlay-type":"","overlay-color":"","overlay-opacity":"","overlay-gradient":""},"mobile":{"background-color":"var(--ast-global-color-5)","background-image":"","background-repeat":"repeat","background-position":"center center","background-size":"auto","background-attachment":"scroll","background-type":"","background-media":"","overlay-type":"","overlay-color":"","overlay-opacity":"","overlay-gradient":""}},"footnotes":""},"class_list":["post-18","page","type-page","status-publish","hentry"],"_links":{"self":[{"href":"https:\/\/www.sanjosecarmelitas.com\/index.php\/wp-json\/wp\/v2\/pages\/18","targetHints":{"allow":["GET"]}}],"collection":[{"href":"https:\/\/www.sanjosecarmelitas.com\/index.php\/wp-json\/wp\/v2\/pages"}],"about":[{"href":"https:\/\/www.sanjosecarmelitas.com\/index.php\/wp-json\/wp\/v2\/types\/page"}],"author":[{"embeddable":true,"href":"https:\/\/www.sanjosecarmelitas.com\/index.php\/wp-json\/wp\/v2\/users\/1"}],"replies":[{"embeddable":true,"href":"https:\/\/www.sanjosecarmelitas.com\/index.php\/wp-json\/wp\/v2\/comments?post=18"}],"version-history":[{"count":2,"href":"https:\/\/www.sanjosecarmelitas.com\/index.php\/wp-json\/wp\/v2\/pages\/18\/revisions"}],"predecessor-version":[{"id":4297,"href":"https:\/\/www.sanjosecarmelitas.com\/index.php\/wp-json\/wp\/v2\/pages\/18\/revisions\/4297"}],"up":[{"embeddable":true,"href":"https:\/\/www.sanjosecarmelitas.com\/index.php\/wp-json\/wp\/v2\/pages\/13"}],"wp:attachment":[{"href":"https:\/\/www.sanjosecarmelitas.com\/index.php\/wp-json\/wp\/v2\/media?parent=18"}],"curies":[{"name":"wp","href":"https:\/\/api.w.org\/{rel}","templated":true}]}}

<p><a href="https://www.sanjosecarmelitas.com/wp-content/uploads/2013/04/historia1.jpg"><img fetchpriority="high" decoding="async" class=" wp-image-81 alignright" alt="historia1" src="https://www.sanjosecarmelitas.com/wp-content/uploads/2013/04/historia1-204x300.jpg" width="243" height="356" srcset="https://www.sanjosecarmelitas.com/wp-content/uploads/2013/04/historia1-204x300.jpg 204w, https://www.sanjosecarmelitas.com/wp-content/uploads/2013/04/historia1-250x366.jpg 250w, https://www.sanjosecarmelitas.com/wp-content/uploads/2013/04/historia1-150x220.jpg 150w, https://www.sanjosecarmelitas.com/wp-content/uploads/2013/04/historia1.jpg 546w" sizes="(max-width: 243px) 100vw, 243px" /></a>En 1959 las Hermanas Carmelitas Teresas de San José tuvieron un sueño, la idea de fundar un colegio en Santurce, pues vieron en nuestro pueblo una tierra que tenía futuro, un desafío para seguir sembrando en un nuevo espacio y en una nueva realidad su proyecto educativo; precisamente aquí donde la devoción a la Virgen del Carmen, nuestra Patrona, cuenta con larga tradición.</p>
<p>En Santurce, en 1959 la Congregación adquirió un hermoso chalet de la Avenida. Murrieta número 9, rodeado de un parquecito con tilos y al extremo un viejo caserón que albergaría también algunas aulas. El edificio era propiedad de D. Jesús González López de Lacalle, prestigioso sacerdote, que había dirigido en él una importante obra social: el <b><i>Solacium Alma Mater</i></b>.</p>
<p><a href="https://www.sanjosecarmelitas.com/wp-content/uploads/2013/04/01_SJC_Historiaw.jpg"><img decoding="async" class="alignleft  wp-image-724" alt="01_SJC_Historiaw" src="https://www.sanjosecarmelitas.com/wp-content/uploads/2013/04/01_SJC_Historiaw-225x135.jpg" width="275" height="183" /></a>El 29 de septiembre quedaba constituida la primera Comunidad de Hermanas Carmelitas Teresas de San José. Estas hermanas llevaron a cabo los preparativos para acoger a las primeras alumnas con las dificultades propias de todos los comienzos.</p>
<p>Así, el 15 de noviembre de 1959 abría las puertas el Colegio <b>San José</b><b>-Hermanas Carmelitas</b>, con la sencillez que esta fecha avanzada del curso escolar y el reducido número de alumnas requería.</p>
<p><a href="https://www.sanjosecarmelitas.com/wp-content/uploads/2013/10/07_SJC_Historia.jpg"><img decoding="async" class="alignright" alt="07_SJC_Historia" src="https://www.sanjosecarmelitas.com/wp-content/uploads/2013/10/07_SJC_Historia-275x183.jpg" width="275" height="183" /></a>Este primer curso escolar, 1959-60, si bien se inició con diez alumnas, terminó con sesenta; y en el curso 1963-64 la matrícula ya había ascendido a 435 alumnas. Todo indicaba, pues, que este nuevo proyecto educativo era aceptado y respondía a las necesidades y expectativas que las familias del municipio tenían sobre la educación sus hijos. Estos primero años fueron años de desafíos, de trabajo, de dar a conocer el ideal educativo y la educación que ofrecía, pero años llenos de esperanza e ilusión.</p>
<p><a href="https://www.sanjosecarmelitas.com/wp-content/uploads/2013/10/04_SJC_Historia.jpg"><img loading="lazy" decoding="async" class="alignleft" alt="04_SJC_Historia" src="https://www.sanjosecarmelitas.com/wp-content/uploads/2013/10/04_SJC_Historia-275x183.jpg" width="275" height="183" /></a>Este progresivo aumento de la matrícula hizo urgente la ampliación del edificio, por ello, en el año 1963 se construyó, al lado del chalecito, un edificio de siete plantas, de las que inmediatamente se habilitaron cinco.</p>
<p>Esta evolución en los espacios hizo posible que la oferta educativa fuera ampliándose, de modo que en abril de 1967 el colegio “SAN JOSE” fue reconocido por el Ministerio de Educación para impartir las enseñanzas del Bachillerato Elemental,  en 1971-1972 era autorizado  y reconocido para el Bachillerato Superior.</p>
<p>S<a href="https://www.sanjosecarmelitas.com/wp-content/uploads/2013/10/09_SJC_Historia.jpg"><img loading="lazy" decoding="async" class="alignright" alt="09_SJC_Historia" src="https://www.sanjosecarmelitas.com/wp-content/uploads/2013/10/09_SJC_Historia-275x183.jpg" width="275" height="183" /></a>in embargo, el número de alumnas seguía creciendo: en el curso 1973-1974 en el colegio San José-Carmelitas de Santurtzi estudiaban 908 alumnas/os. Se vio entonces la necesidad no solo de ampliar el número de aulas, sino de hacerlas más espaciosas. En consecuencia, en 1973 se derribó el primitivo chalet y en su lugar se construyó un pabellón de cuatro plantas que completaba la edificación el anterior. El 19 de mayo de 1974 tenía lugar la inauguración solemne de los nuevos locales con instalaciones más modernas y funcionales: aulas, gimnasio, comedores, cocina, patio cubierto, etc.</p>
<p>Pero las leyes educativas se sucedían, la sociedad comenzaba a cambiar, a democratizarse, a abrirse a otros modos de vida, y nuestro colegio, parte viva de ella, también cambiaba… Así, se crearon los primeros consejos escolares, se normalizó la enseñanza del euskera, el colegio se hizo mixto, aparecieron otros modelos lingüísticos, se nombró a la primera directora pedagógica seglar…</p>
<p><a href="https://www.sanjosecarmelitas.com/wp-content/uploads/2013/04/Cincuentenario.jpg"><img loading="lazy" decoding="async" class="alignleft  wp-image-725" alt="Cincuentenario" src="https://www.sanjosecarmelitas.com/wp-content/uploads/2013/04/Cincuentenario-225x156.jpg" width="275" height="183" /></a>En el curso 2002-2003, inauguramos un nuevo edificio a fin de disponer de instalaciones adecuadas para desarrollar ciertas capacidades e impartir determinadas áreas y materias que aparecen en los nuevos diseños curriculares (desarrollo de la psicomotricidad, práctica deportiva, difusión de las TIC).</p>
<p>Toda esta constante evolución y adaptación que responde al espíritu innovador y comprometido de nuestras fundadoras y de la Congregación a la que pertenecemos, nos ha permitido convertirnos en lo que hoy somos.</p>

<p>En 1959 las Hermanas Carmelitas Teresas de San José tuvieron un sueño, la idea de fundar un colegio en Santurce, pues vieron en nuestro pueblo una tierra que tenía futuro, un desafío para seguir sembrando en un nuevo espacio y en una nueva realidad su proyecto educativo; precisamente aquí donde la devoción a la Virgen [&hellip;]</p>
