{"id":171,"date":"2013-05-29T15:19:48","date_gmt":"2013-05-29T15:19:48","guid":{"rendered":"https:\/\/www.sanjosecarmelitas.com\/?page_id=171"},"modified":"2019-05-09T21:08:15","modified_gmt":"2019-05-09T21:08:15","slug":"aulas-de-apoyo","status":"publish","type":"page","link":"https:\/\/www.sanjosecarmelitas.com\/index.php\/oferta-educativa\/aulas-de-apoyo\/","title":{"rendered":"Necesidades Educativas Especiales"},"content":{"rendered":"<p><span style=\"color: #444444;\"><span style=\"font-family: 'Open Sans', sans-serif;\">En San Jos\u00e9 \u2013 Carmelitas apoyamos el aprendizaje de los alumnos con necesidades educativas especiales mediante la intervenci\u00f3n directa y facilitando recursos y estrategias, teniendo en cuenta sus capacidades e intereses.<\/span><\/span><\/p>\n<p><a href=\"https:\/\/www.sanjosecarmelitas.com\/index.php\/oferta-educativa\/aulas-de-apoyo\/03_apoyo\/\" rel=\"attachment wp-att-764\"><img fetchpriority=\"high\" decoding=\"async\" class=\"alignright size-medium wp-image-764\" src=\"https:\/\/www.sanjosecarmelitas.com\/wp-content\/uploads\/2013\/05\/03_Apoyo-300x225.jpg\" alt=\"03_Apoyo\" width=\"300\" height=\"225\" srcset=\"https:\/\/www.sanjosecarmelitas.com\/wp-content\/uploads\/2013\/05\/03_Apoyo-300x225.jpg 300w, https:\/\/www.sanjosecarmelitas.com\/wp-content\/uploads\/2013\/05\/03_Apoyo-1024x768.jpg 1024w, https:\/\/www.sanjosecarmelitas.com\/wp-content\/uploads\/2013\/05\/03_Apoyo-250x187.jpg 250w, https:\/\/www.sanjosecarmelitas.com\/wp-content\/uploads\/2013\/05\/03_Apoyo-560x420.jpg 560w, https:\/\/www.sanjosecarmelitas.com\/wp-content\/uploads\/2013\/05\/03_Apoyo-150x112.jpg 150w, https:\/\/www.sanjosecarmelitas.com\/wp-content\/uploads\/2013\/05\/03_Apoyo-225x168.jpg 225w\" sizes=\"(max-width: 300px) 100vw, 300px\" \/><\/a><\/p>\n<p><a href=\"https:\/\/www.sanjosecarmelitas.com\/index.php\/oferta-educativa\/aulas-de-apoyo\/04_apoyo\/\" rel=\"attachment wp-att-766\"><img decoding=\"async\" class=\"size-medium wp-image-766 alignleft\" src=\"https:\/\/www.sanjosecarmelitas.com\/wp-content\/uploads\/2013\/05\/04_Apoyo-300x225.jpg\" alt=\"04_Apoyo\" width=\"300\" height=\"225\" srcset=\"https:\/\/www.sanjosecarmelitas.com\/wp-content\/uploads\/2013\/05\/04_Apoyo-300x225.jpg 300w, https:\/\/www.sanjosecarmelitas.com\/wp-content\/uploads\/2013\/05\/04_Apoyo-1024x768.jpg 1024w, https:\/\/www.sanjosecarmelitas.com\/wp-content\/uploads\/2013\/05\/04_Apoyo-250x187.jpg 250w, https:\/\/www.sanjosecarmelitas.com\/wp-content\/uploads\/2013\/05\/04_Apoyo-560x420.jpg 560w, https:\/\/www.sanjosecarmelitas.com\/wp-content\/uploads\/2013\/05\/04_Apoyo-150x112.jpg 150w, https:\/\/www.sanjosecarmelitas.com\/wp-content\/uploads\/2013\/05\/04_Apoyo-225x168.jpg 225w, https:\/\/www.sanjosecarmelitas.com\/wp-content\/uploads\/2013\/05\/04_Apoyo.jpg 2048w\" sizes=\"(max-width: 300px) 100vw, 300px\" \/><\/a><\/p>\n<p style=\"text-align: justify;\"><span style=\"color: #444444;\"> <span style=\"font-family: 'Open Sans', sans-serif;\">Para ello contamos con tres aulas de apoyo, Especialistas de apoyo educativo, logopeda y fisioterapeuta del Berritzegune. Todos ellos dedicados a cubrir las necesidades de alumnos y alumnas que lo requieran escolarizados en Educaci\u00f3n Infantil, Educaci\u00f3n Primaria y ESO. El alumnado integrado en el listado de necesidades educativas especiales, determinado por el Berritzegune, presenta diversas realidades que son abordadas por nuestras profesionales en Pedagog\u00eda Terape\u00fatica.<\/span><\/span><\/p>\n<p style=\"text-align: justify;\">La respuesta educativa a estos alumnos y alumnas se realiza en coordinaci\u00f3n y colaboraci\u00f3n continua con los profesores y profesoras, la familia,\u00a0 con profesionales del Berritzegune y otros especialistas externos (psic\u00f3logos, psiquiatras, logopedas, psicomotricistas\u2026).<\/p>\n<p style=\"text-align: justify;\">As\u00ed mismo, intentamos acompa\u00f1ar a las familias y mantener una coordinaci\u00f3n fluida para conocer sus inquietudes, acompa\u00f1arles y darles respuesta.<\/p>\n<p>[:]<\/p>\n","protected":false},"excerpt":{"rendered":"<p>En San Jos\u00e9 \u2013 Carmelitas apoyamos el aprendizaje de los alumnos con necesidades educativas especiales mediante la intervenci\u00f3n directa y facilitando recursos y estrategias, teniendo en cuenta sus capacidades e intereses. Para ello contamos con tres aulas de apoyo, Especialistas de apoyo educativo, logopeda y fisioterapeuta del Berritzegune. Todos ellos dedicados a cubrir las necesidades [&hellip;]<\/p>\n","protected":false},"author":1,"featured_media":0,"parent":15,"menu_order":5,"comment_status":"closed","ping_status":"closed","template":"","meta":{"site-sidebar-layout":"default","site-content-layout":"","ast-site-content-layout":"default","site-content-style":"default","site-sidebar-style":"default","ast-global-header-display":"","ast-banner-title-visibility":"","ast-main-header-display":"","ast-hfb-above-header-display":"","ast-hfb-below-header-display":"","ast-hfb-mobile-header-display":"","site-post-title":"","ast-breadcrumbs-content":"","ast-featured-img":"","footer-sml-layout":"","ast-disable-related-posts":"","theme-transparent-header-meta":"","adv-header-id-meta":"","stick-header-meta":"","header-above-stick-meta":"","header-main-stick-meta":"","header-below-stick-meta":"","astra-migrate-meta-layouts":"default","ast-page-background-enabled":"default","ast-page-background-meta":{"desktop":{"background-color":"var(--ast-global-color-4)","background-image":"","background-repeat":"repeat","background-position":"center center","background-size":"auto","background-attachment":"scroll","background-type":"","background-media":"","overlay-type":"","overlay-color":"","overlay-opacity":"","overlay-gradient":""},"tablet":{"background-color":"","background-image":"","background-repeat":"repeat","background-position":"center center","background-size":"auto","background-attachment":"scroll","background-type":"","background-media":"","overlay-type":"","overlay-color":"","overlay-opacity":"","overlay-gradient":""},"mobile":{"background-color":"","background-image":"","background-repeat":"repeat","background-position":"center center","background-size":"auto","background-attachment":"scroll","background-type":"","background-media":"","overlay-type":"","overlay-color":"","overlay-opacity":"","overlay-gradient":""}},"ast-content-background-meta":{"desktop":{"background-color":"var(--ast-global-color-5)","background-image":"","background-repeat":"repeat","background-position":"center center","background-size":"auto","background-attachment":"scroll","background-type":"","background-media":"","overlay-type":"","overlay-color":"","overlay-opacity":"","overlay-gradient":""},"tablet":{"background-color":"var(--ast-global-color-5)","background-image":"","background-repeat":"repeat","background-position":"center center","background-size":"auto","background-attachment":"scroll","background-type":"","background-media":"","overlay-type":"","overlay-color":"","overlay-opacity":"","overlay-gradient":""},"mobile":{"background-color":"var(--ast-global-color-5)","background-image":"","background-repeat":"repeat","background-position":"center center","background-size":"auto","background-attachment":"scroll","background-type":"","background-media":"","overlay-type":"","overlay-color":"","overlay-opacity":"","overlay-gradient":""}},"footnotes":""},"class_list":["post-171","page","type-page","status-publish","hentry"],"_links":{"self":[{"href":"https:\/\/www.sanjosecarmelitas.com\/index.php\/wp-json\/wp\/v2\/pages\/171","targetHints":{"allow":["GET"]}}],"collection":[{"href":"https:\/\/www.sanjosecarmelitas.com\/index.php\/wp-json\/wp\/v2\/pages"}],"about":[{"href":"https:\/\/www.sanjosecarmelitas.com\/index.php\/wp-json\/wp\/v2\/types\/page"}],"author":[{"embeddable":true,"href":"https:\/\/www.sanjosecarmelitas.com\/index.php\/wp-json\/wp\/v2\/users\/1"}],"replies":[{"embeddable":true,"href":"https:\/\/www.sanjosecarmelitas.com\/index.php\/wp-json\/wp\/v2\/comments?post=171"}],"version-history":[{"count":5,"href":"https:\/\/www.sanjosecarmelitas.com\/index.php\/wp-json\/wp\/v2\/pages\/171\/revisions"}],"predecessor-version":[{"id":4329,"href":"https:\/\/www.sanjosecarmelitas.com\/index.php\/wp-json\/wp\/v2\/pages\/171\/revisions\/4329"}],"up":[{"embeddable":true,"href":"https:\/\/www.sanjosecarmelitas.com\/index.php\/wp-json\/wp\/v2\/pages\/15"}],"wp:attachment":[{"href":"https:\/\/www.sanjosecarmelitas.com\/index.php\/wp-json\/wp\/v2\/media?parent=171"}],"curies":[{"name":"wp","href":"https:\/\/api.w.org\/{rel}","templated":true}]}}